{"id":2435,"date":"2020-07-22T07:52:26","date_gmt":"2020-07-22T07:52:26","guid":{"rendered":"https:\/\/upravitrenutak.com\/?post_type=product&#038;p=2435"},"modified":"2025-10-11T15:23:08","modified_gmt":"2025-10-11T15:23:08","slug":"cudesni-sat-molitve-linda-schubert","status":"publish","type":"product","link":"https:\/\/upravitrenutak.com\/?product=cudesni-sat-molitve-linda-schubert","title":{"rendered":"\u010cudesni sat molitve &#8211; Linda Schubert"},"content":{"rendered":"<p>Meki uvez.<\/p>\n<p>Dimenzije: 190 x 120.<\/p>\n<p>40 stranica.<\/p>\n","protected":false},"excerpt":{"rendered":"<p>Smatramo da \u0107e ova knji\u017eica pomo\u0107i ne samo po\u010detnicima, nego i onima koji su ve\u0107 poodmaknuli na putu s Gospodinom, a bave se sa svojim vremenom molitve. Predstavljamo veoma prikladan i djelotvoran pristup molitvi koji toplo preporu\u010damo.<\/p>\n","protected":false},"featured_media":2436,"comment_status":"open","ping_status":"closed","template":"","meta":[],"product_brand":[],"product_cat":[86],"product_tag":[108,107],"class_list":{"0":"post-2435","1":"product","2":"type-product","3":"status-publish","4":"has-post-thumbnail","6":"product_cat-upt","7":"product_tag-meditacija","8":"product_tag-molitve","10":"first","11":"instock","12":"featured","13":"shipping-taxable","14":"purchasable","15":"product-type-simple"},"yoast_head":"<!-- This site is optimized with the Yoast SEO plugin v27.4 - https:\/\/yoast.com\/product\/yoast-seo-wordpress\/ -->\n<title>\u010cudesni sat molitve - Linda Schubert - U Pravi Trenutak<\/title>\n<meta name=\"robots\" content=\"index, follow, max-snippet:-1, max-image-preview:large, max-video-preview:-1\" \/>\n<link rel=\"canonical\" href=\"https:\/\/upravitrenutak.com\/?product=cudesni-sat-molitve-linda-schubert\" \/>\n<meta property=\"og:locale\" content=\"hr_HR\" \/>\n<meta property=\"og:type\" content=\"article\" \/>\n<meta property=\"og:title\" content=\"\u010cudesni sat molitve - Linda Schubert - U Pravi Trenutak\" \/>\n<meta property=\"og:description\" content=\"Smatramo da \u0107e ova knji\u017eica pomo\u0107i ne samo po\u010detnicima, nego i onima koji su ve\u0107 poodmaknuli na putu s Gospodinom, a bave se sa svojim vremenom molitve. Predstavljamo veoma prikladan i djelotvoran pristup molitvi koji toplo preporu\u010damo.\" \/>\n<meta property=\"og:url\" content=\"https:\/\/upravitrenutak.com\/?product=cudesni-sat-molitve-linda-schubert\" \/>\n<meta property=\"og:site_name\" content=\"U Pravi Trenutak\" \/>\n<meta property=\"article:publisher\" content=\"https:\/\/www.facebook.com\/Knji%c5%benica-U-Pravi-Trenutak-378755409393101\" \/>\n<meta property=\"article:modified_time\" content=\"2025-10-11T15:23:08+00:00\" \/>\n<meta property=\"og:image\" content=\"https:\/\/upravitrenutak.com\/wp-content\/uploads\/2020\/07\/\u010cudesni-sat-molitve-izmijeniti-\u0107e-va\u0161-\u017eivot_Linda-Schubert.png\" \/>\n\t<meta property=\"og:image:width\" content=\"600\" \/>\n\t<meta property=\"og:image:height\" content=\"853\" \/>\n\t<meta property=\"og:image:type\" content=\"image\/png\" \/>\n<meta name=\"twitter:card\" content=\"summary_large_image\" \/>\n<script type=\"application\/ld+json\" class=\"yoast-schema-graph\">{\"@context\":\"https:\\\/\\\/schema.org\",\"@graph\":[{\"@type\":\"WebPage\",\"@id\":\"https:\\\/\\\/upravitrenutak.com\\\/?product=cudesni-sat-molitve-linda-schubert\",\"url\":\"https:\\\/\\\/upravitrenutak.com\\\/?product=cudesni-sat-molitve-linda-schubert\",\"name\":\"\u010cudesni sat molitve - Linda Schubert - U Pravi Trenutak\",\"isPartOf\":{\"@id\":\"https:\\\/\\\/upravitrenutak.com\\\/#website\"},\"primaryImageOfPage\":{\"@id\":\"https:\\\/\\\/upravitrenutak.com\\\/?product=cudesni-sat-molitve-linda-schubert#primaryimage\"},\"image\":{\"@id\":\"https:\\\/\\\/upravitrenutak.com\\\/?product=cudesni-sat-molitve-linda-schubert#primaryimage\"},\"thumbnailUrl\":\"https:\\\/\\\/upravitrenutak.com\\\/wp-content\\\/uploads\\\/2020\\\/07\\\/\u010cudesni-sat-molitve-izmijeniti-\u0107e-va\u0161-\u017eivot_Linda-Schubert.png\",\"datePublished\":\"2020-07-22T07:52:26+00:00\",\"dateModified\":\"2025-10-11T15:23:08+00:00\",\"breadcrumb\":{\"@id\":\"https:\\\/\\\/upravitrenutak.com\\\/?product=cudesni-sat-molitve-linda-schubert#breadcrumb\"},\"inLanguage\":\"hr\",\"potentialAction\":[{\"@type\":\"ReadAction\",\"target\":[\"https:\\\/\\\/upravitrenutak.com\\\/?product=cudesni-sat-molitve-linda-schubert\"]}]},{\"@type\":\"ImageObject\",\"inLanguage\":\"hr\",\"@id\":\"https:\\\/\\\/upravitrenutak.com\\\/?product=cudesni-sat-molitve-linda-schubert#primaryimage\",\"url\":\"https:\\\/\\\/upravitrenutak.com\\\/wp-content\\\/uploads\\\/2020\\\/07\\\/\u010cudesni-sat-molitve-izmijeniti-\u0107e-va\u0161-\u017eivot_Linda-Schubert.png\",\"contentUrl\":\"https:\\\/\\\/upravitrenutak.com\\\/wp-content\\\/uploads\\\/2020\\\/07\\\/\u010cudesni-sat-molitve-izmijeniti-\u0107e-va\u0161-\u017eivot_Linda-Schubert.png\",\"width\":600,\"height\":853},{\"@type\":\"BreadcrumbList\",\"@id\":\"https:\\\/\\\/upravitrenutak.com\\\/?product=cudesni-sat-molitve-linda-schubert#breadcrumb\",\"itemListElement\":[{\"@type\":\"ListItem\",\"position\":1,\"name\":\"Po\u010detna stranica\",\"item\":\"https:\\\/\\\/upravitrenutak.com\\\/\"},{\"@type\":\"ListItem\",\"position\":2,\"name\":\"Cjelokupna ponuda\",\"item\":\"https:\\\/\\\/upravitrenutak.com\\\/?page_id=2362\"},{\"@type\":\"ListItem\",\"position\":3,\"name\":\"\u010cudesni sat molitve &#8211; Linda Schubert\"}]},{\"@type\":\"WebSite\",\"@id\":\"https:\\\/\\\/upravitrenutak.com\\\/#website\",\"url\":\"https:\\\/\\\/upravitrenutak.com\\\/\",\"name\":\"U Pravi Trenutak\",\"description\":\"Online Knji\u017eara\",\"potentialAction\":[{\"@type\":\"SearchAction\",\"target\":{\"@type\":\"EntryPoint\",\"urlTemplate\":\"https:\\\/\\\/upravitrenutak.com\\\/?s={search_term_string}\"},\"query-input\":{\"@type\":\"PropertyValueSpecification\",\"valueRequired\":true,\"valueName\":\"search_term_string\"}}],\"inLanguage\":\"hr\"}]}<\/script>\n<!-- \/ Yoast SEO plugin. -->","yoast_head_json":{"title":"\u010cudesni sat molitve - Linda Schubert - U Pravi Trenutak","robots":{"index":"index","follow":"follow","max-snippet":"max-snippet:-1","max-image-preview":"max-image-preview:large","max-video-preview":"max-video-preview:-1"},"canonical":"https:\/\/upravitrenutak.com\/?product=cudesni-sat-molitve-linda-schubert","og_locale":"hr_HR","og_type":"article","og_title":"\u010cudesni sat molitve - Linda Schubert - U Pravi Trenutak","og_description":"Smatramo da \u0107e ova knji\u017eica pomo\u0107i ne samo po\u010detnicima, nego i onima koji su ve\u0107 poodmaknuli na putu s Gospodinom, a bave se sa svojim vremenom molitve. Predstavljamo veoma prikladan i djelotvoran pristup molitvi koji toplo preporu\u010damo.","og_url":"https:\/\/upravitrenutak.com\/?product=cudesni-sat-molitve-linda-schubert","og_site_name":"U Pravi Trenutak","article_publisher":"https:\/\/www.facebook.com\/Knji%c5%benica-U-Pravi-Trenutak-378755409393101","article_modified_time":"2025-10-11T15:23:08+00:00","og_image":[{"width":600,"height":853,"url":"https:\/\/upravitrenutak.com\/wp-content\/uploads\/2020\/07\/\u010cudesni-sat-molitve-izmijeniti-\u0107e-va\u0161-\u017eivot_Linda-Schubert.png","type":"image\/png"}],"twitter_card":"summary_large_image","schema":{"@context":"https:\/\/schema.org","@graph":[{"@type":"WebPage","@id":"https:\/\/upravitrenutak.com\/?product=cudesni-sat-molitve-linda-schubert","url":"https:\/\/upravitrenutak.com\/?product=cudesni-sat-molitve-linda-schubert","name":"\u010cudesni sat molitve - Linda Schubert - U Pravi Trenutak","isPartOf":{"@id":"https:\/\/upravitrenutak.com\/#website"},"primaryImageOfPage":{"@id":"https:\/\/upravitrenutak.com\/?product=cudesni-sat-molitve-linda-schubert#primaryimage"},"image":{"@id":"https:\/\/upravitrenutak.com\/?product=cudesni-sat-molitve-linda-schubert#primaryimage"},"thumbnailUrl":"https:\/\/upravitrenutak.com\/wp-content\/uploads\/2020\/07\/\u010cudesni-sat-molitve-izmijeniti-\u0107e-va\u0161-\u017eivot_Linda-Schubert.png","datePublished":"2020-07-22T07:52:26+00:00","dateModified":"2025-10-11T15:23:08+00:00","breadcrumb":{"@id":"https:\/\/upravitrenutak.com\/?product=cudesni-sat-molitve-linda-schubert#breadcrumb"},"inLanguage":"hr","potentialAction":[{"@type":"ReadAction","target":["https:\/\/upravitrenutak.com\/?product=cudesni-sat-molitve-linda-schubert"]}]},{"@type":"ImageObject","inLanguage":"hr","@id":"https:\/\/upravitrenutak.com\/?product=cudesni-sat-molitve-linda-schubert#primaryimage","url":"https:\/\/upravitrenutak.com\/wp-content\/uploads\/2020\/07\/\u010cudesni-sat-molitve-izmijeniti-\u0107e-va\u0161-\u017eivot_Linda-Schubert.png","contentUrl":"https:\/\/upravitrenutak.com\/wp-content\/uploads\/2020\/07\/\u010cudesni-sat-molitve-izmijeniti-\u0107e-va\u0161-\u017eivot_Linda-Schubert.png","width":600,"height":853},{"@type":"BreadcrumbList","@id":"https:\/\/upravitrenutak.com\/?product=cudesni-sat-molitve-linda-schubert#breadcrumb","itemListElement":[{"@type":"ListItem","position":1,"name":"Po\u010detna stranica","item":"https:\/\/upravitrenutak.com\/"},{"@type":"ListItem","position":2,"name":"Cjelokupna ponuda","item":"https:\/\/upravitrenutak.com\/?page_id=2362"},{"@type":"ListItem","position":3,"name":"\u010cudesni sat molitve &#8211; Linda Schubert"}]},{"@type":"WebSite","@id":"https:\/\/upravitrenutak.com\/#website","url":"https:\/\/upravitrenutak.com\/","name":"U Pravi Trenutak","description":"Online Knji\u017eara","potentialAction":[{"@type":"SearchAction","target":{"@type":"EntryPoint","urlTemplate":"https:\/\/upravitrenutak.com\/?s={search_term_string}"},"query-input":{"@type":"PropertyValueSpecification","valueRequired":true,"valueName":"search_term_string"}}],"inLanguage":"hr"}]}},"_links":{"self":[{"href":"https:\/\/upravitrenutak.com\/index.php?rest_route=\/wp\/v2\/product\/2435","targetHints":{"allow":["GET"]}}],"collection":[{"href":"https:\/\/upravitrenutak.com\/index.php?rest_route=\/wp\/v2\/product"}],"about":[{"href":"https:\/\/upravitrenutak.com\/index.php?rest_route=\/wp\/v2\/types\/product"}],"replies":[{"embeddable":true,"href":"https:\/\/upravitrenutak.com\/index.php?rest_route=%2Fwp%2Fv2%2Fcomments&post=2435"}],"wp:featuredmedia":[{"embeddable":true,"href":"https:\/\/upravitrenutak.com\/index.php?rest_route=\/wp\/v2\/media\/2436"}],"wp:attachment":[{"href":"https:\/\/upravitrenutak.com\/index.php?rest_route=%2Fwp%2Fv2%2Fmedia&parent=2435"}],"wp:term":[{"taxonomy":"product_brand","embeddable":true,"href":"https:\/\/upravitrenutak.com\/index.php?rest_route=%2Fwp%2Fv2%2Fproduct_brand&post=2435"},{"taxonomy":"product_cat","embeddable":true,"href":"https:\/\/upravitrenutak.com\/index.php?rest_route=%2Fwp%2Fv2%2Fproduct_cat&post=2435"},{"taxonomy":"product_tag","embeddable":true,"href":"https:\/\/upravitrenutak.com\/index.php?rest_route=%2Fwp%2Fv2%2Fproduct_tag&post=2435"}],"curies":[{"name":"wp","href":"https:\/\/api.w.org\/{rel}","templated":true}]}}