{"id":2542,"date":"2020-07-23T10:56:22","date_gmt":"2020-07-23T10:56:22","guid":{"rendered":"https:\/\/upravitrenutak.com\/?post_type=product&#038;p=2542"},"modified":"2024-05-21T15:06:51","modified_gmt":"2024-05-21T15:06:51","slug":"slavimo-gospodina-mons-ivan-seso","status":"publish","type":"product","link":"https:\/\/upravitrenutak.com\/?product=slavimo-gospodina-mons-ivan-seso","title":{"rendered":"Slavimo Gospodina! &#8211; Mons. Ivan \u0160e\u0161o"},"content":{"rendered":"<p>Meki uvez.<\/p>\n<p>Dimenzije: 190 x 120.<\/p>\n<p>131 stranica.<\/p>\n","protected":false},"excerpt":{"rendered":"<p>Ove izabrane propovijedi su \u017eivotne i poticajne, te nisu samo za sve\u0107enike nego i za svakog onog koji \u017eeli razmi\u0161ljati o Evan\u0111elju. Nudi ih jasnim jezikom dana\u0161njem \u010dovjeku, tuma\u010di u svjetlu \u010dovje\u010djih problema, \u017eivotnih tegoba i radosti. Poticajna razmi\u0161ljanja su puna nadahnutosti kako samim tekstom \u010ditanja iz Evan\u0111elja, samim imenom blagdana, tako i knji\u017eevno\u0161\u0107u, ali i osobnim iskustvom sve\u0107enika. I tako i\u0161\u010ditavaju\u0107i pojedina razmi\u0161ljanja o Evan\u0111eoskom tekstu, ono postaje uistinu neophodno, suvremeno, \u017eivotno.<\/p>\n","protected":false},"featured_media":2543,"comment_status":"open","ping_status":"closed","template":"","meta":[],"product_brand":[],"product_cat":[86],"product_tag":[110],"class_list":{"0":"post-2542","1":"product","2":"type-product","3":"status-publish","4":"has-post-thumbnail","6":"product_cat-upt","7":"product_tag-propovijedi","9":"first","10":"instock","11":"shipping-taxable","12":"purchasable","13":"product-type-simple"},"yoast_head":"<!-- This site is optimized with the Yoast SEO plugin v27.4 - https:\/\/yoast.com\/product\/yoast-seo-wordpress\/ -->\n<title>Slavimo Gospodina! - Mons. Ivan \u0160e\u0161o - U Pravi Trenutak<\/title>\n<meta name=\"robots\" content=\"index, follow, max-snippet:-1, max-image-preview:large, max-video-preview:-1\" \/>\n<link rel=\"canonical\" href=\"https:\/\/upravitrenutak.com\/?product=slavimo-gospodina-mons-ivan-seso\" \/>\n<meta property=\"og:locale\" content=\"hr_HR\" \/>\n<meta property=\"og:type\" content=\"article\" \/>\n<meta property=\"og:title\" content=\"Slavimo Gospodina! - Mons. Ivan \u0160e\u0161o - U Pravi Trenutak\" \/>\n<meta property=\"og:description\" content=\"Ove izabrane propovijedi su \u017eivotne i poticajne, te nisu samo za sve\u0107enike nego i za svakog onog koji \u017eeli razmi\u0161ljati o Evan\u0111elju. Nudi ih jasnim jezikom dana\u0161njem \u010dovjeku, tuma\u010di u svjetlu \u010dovje\u010djih problema, \u017eivotnih tegoba i radosti. Poticajna razmi\u0161ljanja su puna nadahnutosti kako samim tekstom \u010ditanja iz Evan\u0111elja, samim imenom blagdana, tako i knji\u017eevno\u0161\u0107u, ali i osobnim iskustvom sve\u0107enika. I tako i\u0161\u010ditavaju\u0107i pojedina razmi\u0161ljanja o Evan\u0111eoskom tekstu, ono postaje uistinu neophodno, suvremeno, \u017eivotno.\" \/>\n<meta property=\"og:url\" content=\"https:\/\/upravitrenutak.com\/?product=slavimo-gospodina-mons-ivan-seso\" \/>\n<meta property=\"og:site_name\" content=\"U Pravi Trenutak\" \/>\n<meta property=\"article:publisher\" content=\"https:\/\/www.facebook.com\/Knji%c5%benica-U-Pravi-Trenutak-378755409393101\" \/>\n<meta property=\"article:modified_time\" content=\"2024-05-21T15:06:51+00:00\" \/>\n<meta property=\"og:image\" content=\"https:\/\/upravitrenutak.com\/wp-content\/uploads\/2020\/07\/Slavimo-Gospodina_Mons.Ivan-\u0160e\u0161o.png\" \/>\n\t<meta property=\"og:image:width\" content=\"600\" \/>\n\t<meta property=\"og:image:height\" content=\"854\" \/>\n\t<meta property=\"og:image:type\" content=\"image\/png\" \/>\n<meta name=\"twitter:card\" content=\"summary_large_image\" \/>\n<script type=\"application\/ld+json\" class=\"yoast-schema-graph\">{\"@context\":\"https:\\\/\\\/schema.org\",\"@graph\":[{\"@type\":\"WebPage\",\"@id\":\"https:\\\/\\\/upravitrenutak.com\\\/?product=slavimo-gospodina-mons-ivan-seso\",\"url\":\"https:\\\/\\\/upravitrenutak.com\\\/?product=slavimo-gospodina-mons-ivan-seso\",\"name\":\"Slavimo Gospodina! - Mons. Ivan \u0160e\u0161o - U Pravi Trenutak\",\"isPartOf\":{\"@id\":\"https:\\\/\\\/upravitrenutak.com\\\/#website\"},\"primaryImageOfPage\":{\"@id\":\"https:\\\/\\\/upravitrenutak.com\\\/?product=slavimo-gospodina-mons-ivan-seso#primaryimage\"},\"image\":{\"@id\":\"https:\\\/\\\/upravitrenutak.com\\\/?product=slavimo-gospodina-mons-ivan-seso#primaryimage\"},\"thumbnailUrl\":\"https:\\\/\\\/upravitrenutak.com\\\/wp-content\\\/uploads\\\/2020\\\/07\\\/Slavimo-Gospodina_Mons.Ivan-\u0160e\u0161o.png\",\"datePublished\":\"2020-07-23T10:56:22+00:00\",\"dateModified\":\"2024-05-21T15:06:51+00:00\",\"breadcrumb\":{\"@id\":\"https:\\\/\\\/upravitrenutak.com\\\/?product=slavimo-gospodina-mons-ivan-seso#breadcrumb\"},\"inLanguage\":\"hr\",\"potentialAction\":[{\"@type\":\"ReadAction\",\"target\":[\"https:\\\/\\\/upravitrenutak.com\\\/?product=slavimo-gospodina-mons-ivan-seso\"]}]},{\"@type\":\"ImageObject\",\"inLanguage\":\"hr\",\"@id\":\"https:\\\/\\\/upravitrenutak.com\\\/?product=slavimo-gospodina-mons-ivan-seso#primaryimage\",\"url\":\"https:\\\/\\\/upravitrenutak.com\\\/wp-content\\\/uploads\\\/2020\\\/07\\\/Slavimo-Gospodina_Mons.Ivan-\u0160e\u0161o.png\",\"contentUrl\":\"https:\\\/\\\/upravitrenutak.com\\\/wp-content\\\/uploads\\\/2020\\\/07\\\/Slavimo-Gospodina_Mons.Ivan-\u0160e\u0161o.png\",\"width\":600,\"height\":854},{\"@type\":\"BreadcrumbList\",\"@id\":\"https:\\\/\\\/upravitrenutak.com\\\/?product=slavimo-gospodina-mons-ivan-seso#breadcrumb\",\"itemListElement\":[{\"@type\":\"ListItem\",\"position\":1,\"name\":\"Po\u010detna stranica\",\"item\":\"https:\\\/\\\/upravitrenutak.com\\\/\"},{\"@type\":\"ListItem\",\"position\":2,\"name\":\"Cjelokupna ponuda\",\"item\":\"https:\\\/\\\/upravitrenutak.com\\\/?page_id=2362\"},{\"@type\":\"ListItem\",\"position\":3,\"name\":\"Slavimo Gospodina! &#8211; Mons. Ivan \u0160e\u0161o\"}]},{\"@type\":\"WebSite\",\"@id\":\"https:\\\/\\\/upravitrenutak.com\\\/#website\",\"url\":\"https:\\\/\\\/upravitrenutak.com\\\/\",\"name\":\"U Pravi Trenutak\",\"description\":\"Online Knji\u017eara\",\"potentialAction\":[{\"@type\":\"SearchAction\",\"target\":{\"@type\":\"EntryPoint\",\"urlTemplate\":\"https:\\\/\\\/upravitrenutak.com\\\/?s={search_term_string}\"},\"query-input\":{\"@type\":\"PropertyValueSpecification\",\"valueRequired\":true,\"valueName\":\"search_term_string\"}}],\"inLanguage\":\"hr\"}]}<\/script>\n<!-- \/ Yoast SEO plugin. -->","yoast_head_json":{"title":"Slavimo Gospodina! - Mons. Ivan \u0160e\u0161o - U Pravi Trenutak","robots":{"index":"index","follow":"follow","max-snippet":"max-snippet:-1","max-image-preview":"max-image-preview:large","max-video-preview":"max-video-preview:-1"},"canonical":"https:\/\/upravitrenutak.com\/?product=slavimo-gospodina-mons-ivan-seso","og_locale":"hr_HR","og_type":"article","og_title":"Slavimo Gospodina! - Mons. Ivan \u0160e\u0161o - U Pravi Trenutak","og_description":"Ove izabrane propovijedi su \u017eivotne i poticajne, te nisu samo za sve\u0107enike nego i za svakog onog koji \u017eeli razmi\u0161ljati o Evan\u0111elju. Nudi ih jasnim jezikom dana\u0161njem \u010dovjeku, tuma\u010di u svjetlu \u010dovje\u010djih problema, \u017eivotnih tegoba i radosti. Poticajna razmi\u0161ljanja su puna nadahnutosti kako samim tekstom \u010ditanja iz Evan\u0111elja, samim imenom blagdana, tako i knji\u017eevno\u0161\u0107u, ali i osobnim iskustvom sve\u0107enika. I tako i\u0161\u010ditavaju\u0107i pojedina razmi\u0161ljanja o Evan\u0111eoskom tekstu, ono postaje uistinu neophodno, suvremeno, \u017eivotno.","og_url":"https:\/\/upravitrenutak.com\/?product=slavimo-gospodina-mons-ivan-seso","og_site_name":"U Pravi Trenutak","article_publisher":"https:\/\/www.facebook.com\/Knji%c5%benica-U-Pravi-Trenutak-378755409393101","article_modified_time":"2024-05-21T15:06:51+00:00","og_image":[{"width":600,"height":854,"url":"https:\/\/upravitrenutak.com\/wp-content\/uploads\/2020\/07\/Slavimo-Gospodina_Mons.Ivan-\u0160e\u0161o.png","type":"image\/png"}],"twitter_card":"summary_large_image","schema":{"@context":"https:\/\/schema.org","@graph":[{"@type":"WebPage","@id":"https:\/\/upravitrenutak.com\/?product=slavimo-gospodina-mons-ivan-seso","url":"https:\/\/upravitrenutak.com\/?product=slavimo-gospodina-mons-ivan-seso","name":"Slavimo Gospodina! - Mons. Ivan \u0160e\u0161o - U Pravi Trenutak","isPartOf":{"@id":"https:\/\/upravitrenutak.com\/#website"},"primaryImageOfPage":{"@id":"https:\/\/upravitrenutak.com\/?product=slavimo-gospodina-mons-ivan-seso#primaryimage"},"image":{"@id":"https:\/\/upravitrenutak.com\/?product=slavimo-gospodina-mons-ivan-seso#primaryimage"},"thumbnailUrl":"https:\/\/upravitrenutak.com\/wp-content\/uploads\/2020\/07\/Slavimo-Gospodina_Mons.Ivan-\u0160e\u0161o.png","datePublished":"2020-07-23T10:56:22+00:00","dateModified":"2024-05-21T15:06:51+00:00","breadcrumb":{"@id":"https:\/\/upravitrenutak.com\/?product=slavimo-gospodina-mons-ivan-seso#breadcrumb"},"inLanguage":"hr","potentialAction":[{"@type":"ReadAction","target":["https:\/\/upravitrenutak.com\/?product=slavimo-gospodina-mons-ivan-seso"]}]},{"@type":"ImageObject","inLanguage":"hr","@id":"https:\/\/upravitrenutak.com\/?product=slavimo-gospodina-mons-ivan-seso#primaryimage","url":"https:\/\/upravitrenutak.com\/wp-content\/uploads\/2020\/07\/Slavimo-Gospodina_Mons.Ivan-\u0160e\u0161o.png","contentUrl":"https:\/\/upravitrenutak.com\/wp-content\/uploads\/2020\/07\/Slavimo-Gospodina_Mons.Ivan-\u0160e\u0161o.png","width":600,"height":854},{"@type":"BreadcrumbList","@id":"https:\/\/upravitrenutak.com\/?product=slavimo-gospodina-mons-ivan-seso#breadcrumb","itemListElement":[{"@type":"ListItem","position":1,"name":"Po\u010detna stranica","item":"https:\/\/upravitrenutak.com\/"},{"@type":"ListItem","position":2,"name":"Cjelokupna ponuda","item":"https:\/\/upravitrenutak.com\/?page_id=2362"},{"@type":"ListItem","position":3,"name":"Slavimo Gospodina! &#8211; Mons. Ivan \u0160e\u0161o"}]},{"@type":"WebSite","@id":"https:\/\/upravitrenutak.com\/#website","url":"https:\/\/upravitrenutak.com\/","name":"U Pravi Trenutak","description":"Online Knji\u017eara","potentialAction":[{"@type":"SearchAction","target":{"@type":"EntryPoint","urlTemplate":"https:\/\/upravitrenutak.com\/?s={search_term_string}"},"query-input":{"@type":"PropertyValueSpecification","valueRequired":true,"valueName":"search_term_string"}}],"inLanguage":"hr"}]}},"_links":{"self":[{"href":"https:\/\/upravitrenutak.com\/index.php?rest_route=\/wp\/v2\/product\/2542","targetHints":{"allow":["GET"]}}],"collection":[{"href":"https:\/\/upravitrenutak.com\/index.php?rest_route=\/wp\/v2\/product"}],"about":[{"href":"https:\/\/upravitrenutak.com\/index.php?rest_route=\/wp\/v2\/types\/product"}],"replies":[{"embeddable":true,"href":"https:\/\/upravitrenutak.com\/index.php?rest_route=%2Fwp%2Fv2%2Fcomments&post=2542"}],"wp:featuredmedia":[{"embeddable":true,"href":"https:\/\/upravitrenutak.com\/index.php?rest_route=\/wp\/v2\/media\/2543"}],"wp:attachment":[{"href":"https:\/\/upravitrenutak.com\/index.php?rest_route=%2Fwp%2Fv2%2Fmedia&parent=2542"}],"wp:term":[{"taxonomy":"product_brand","embeddable":true,"href":"https:\/\/upravitrenutak.com\/index.php?rest_route=%2Fwp%2Fv2%2Fproduct_brand&post=2542"},{"taxonomy":"product_cat","embeddable":true,"href":"https:\/\/upravitrenutak.com\/index.php?rest_route=%2Fwp%2Fv2%2Fproduct_cat&post=2542"},{"taxonomy":"product_tag","embeddable":true,"href":"https:\/\/upravitrenutak.com\/index.php?rest_route=%2Fwp%2Fv2%2Fproduct_tag&post=2542"}],"curies":[{"name":"wp","href":"https:\/\/api.w.org\/{rel}","templated":true}]}}