{"id":2552,"date":"2020-07-23T11:17:15","date_gmt":"2020-07-23T11:17:15","guid":{"rendered":"https:\/\/upravitrenutak.com\/?post_type=product&#038;p=2552"},"modified":"2024-03-14T17:16:14","modified_gmt":"2024-03-14T17:16:14","slug":"susret-s-terezijom-iz-lisieuxa-anton-schmid","status":"publish","type":"product","link":"https:\/\/upravitrenutak.com\/?product=susret-s-terezijom-iz-lisieuxa-anton-schmid","title":{"rendered":"Susret s Terezijom iz Lisieuxa &#8211; Anton Schmid"},"content":{"rendered":"<p>Meki uvez.<\/p>\n<p>Dimenzije: 190 x 120.<\/p>\n<p>208 stranica.<\/p>\n","protected":false},"excerpt":{"rendered":"<p>Ova knjiga sadr\u017ei i egzercicijska predavanja koja je autor odr\u017eao na razli\u010ditim mjestima. Ona mo\u017ee zbog toga potaknuti i na meditaciju. \u017diva se rije\u010d ne mo\u017ee dakako nadoknaditi, ali se izdavanjem ove knji\u017eice mogu va\u017ene misli nove crkvene nam u\u010diteljice u\u010diniti dostupnima \u0161irem krugu ljudi. Ona bi se trebala shvatiti kao pomo\u0107 za orijentaciju u svijetu koji se veoma mijenja i kao poticaj za kr\u0161\u0107anski \u017eivljenu svakida\u0161njicu. Neka sama sveta Terezija govori \u010ditateljima ove knjige i pomogne im kako bi ostvarili istinski kr\u0161\u0107anski \u017eivot.<\/p>\n","protected":false},"featured_media":2553,"comment_status":"open","ping_status":"closed","template":"","meta":[],"product_brand":[],"product_cat":[138,86],"product_tag":[108,112],"class_list":["post-2552","product","type-product","status-publish","has-post-thumbnail","product_cat-akcijske","product_cat-upt","product_tag-meditacija","product_tag-zivotopis","first","instock","sale","shipping-taxable","purchasable","product-type-simple"],"yoast_head":"<!-- This site is optimized with the Yoast SEO plugin v28.4 - https:\/\/yoast.com\/product\/yoast-seo-wordpress\/ -->\n<title>Susret s Terezijom iz Lisieuxa - Anton Schmid - U Pravi Trenutak<\/title>\n<meta name=\"robots\" content=\"index, follow, max-snippet:-1, max-image-preview:large, max-video-preview:-1\" \/>\n<link rel=\"canonical\" href=\"https:\/\/upravitrenutak.com\/?product=susret-s-terezijom-iz-lisieuxa-anton-schmid\" \/>\n<meta property=\"og:locale\" content=\"hr_HR\" \/>\n<meta property=\"og:type\" content=\"article\" \/>\n<meta property=\"og:title\" content=\"Susret s Terezijom iz Lisieuxa - Anton Schmid - U Pravi Trenutak\" \/>\n<meta property=\"og:description\" content=\"Ova knjiga sadr\u017ei i egzercicijska predavanja koja je autor odr\u017eao na razli\u010ditim mjestima. Ona mo\u017ee zbog toga potaknuti i na meditaciju. \u017diva se rije\u010d ne mo\u017ee dakako nadoknaditi, ali se izdavanjem ove knji\u017eice mogu va\u017ene misli nove crkvene nam u\u010diteljice u\u010diniti dostupnima \u0161irem krugu ljudi. Ona bi se trebala shvatiti kao pomo\u0107 za orijentaciju u svijetu koji se veoma mijenja i kao poticaj za kr\u0161\u0107anski \u017eivljenu svakida\u0161njicu. Neka sama sveta Terezija govori \u010ditateljima ove knjige i pomogne im kako bi ostvarili istinski kr\u0161\u0107anski \u017eivot.\" \/>\n<meta property=\"og:url\" content=\"https:\/\/upravitrenutak.com\/?product=susret-s-terezijom-iz-lisieuxa-anton-schmid\" \/>\n<meta property=\"og:site_name\" content=\"U Pravi Trenutak\" \/>\n<meta property=\"article:publisher\" content=\"https:\/\/www.facebook.com\/Knji%c5%benica-U-Pravi-Trenutak-378755409393101\" \/>\n<meta property=\"article:modified_time\" content=\"2024-03-14T17:16:14+00:00\" \/>\n<meta property=\"og:image\" content=\"https:\/\/upravitrenutak.com\/wp-content\/uploads\/2020\/07\/Susret-s-Terezijom-iz-Lisieuxa_Anton-Schmid.png\" \/>\n\t<meta property=\"og:image:width\" content=\"600\" \/>\n\t<meta property=\"og:image:height\" content=\"852\" \/>\n\t<meta property=\"og:image:type\" content=\"image\/png\" \/>\n<meta name=\"twitter:card\" content=\"summary_large_image\" \/>\n<script type=\"application\/ld+json\" class=\"yoast-schema-graph\">{\"@context\":\"https:\\\/\\\/schema.org\",\"@graph\":[{\"@type\":\"WebPage\",\"@id\":\"https:\\\/\\\/upravitrenutak.com\\\/?product=susret-s-terezijom-iz-lisieuxa-anton-schmid\",\"url\":\"https:\\\/\\\/upravitrenutak.com\\\/?product=susret-s-terezijom-iz-lisieuxa-anton-schmid\",\"name\":\"Susret s Terezijom iz Lisieuxa - Anton Schmid - U Pravi Trenutak\",\"isPartOf\":{\"@id\":\"https:\\\/\\\/upravitrenutak.com\\\/#website\"},\"primaryImageOfPage\":{\"@id\":\"https:\\\/\\\/upravitrenutak.com\\\/?product=susret-s-terezijom-iz-lisieuxa-anton-schmid#primaryimage\"},\"image\":{\"@id\":\"https:\\\/\\\/upravitrenutak.com\\\/?product=susret-s-terezijom-iz-lisieuxa-anton-schmid#primaryimage\"},\"thumbnailUrl\":\"https:\\\/\\\/upravitrenutak.com\\\/wp-content\\\/uploads\\\/2020\\\/07\\\/Susret-s-Terezijom-iz-Lisieuxa_Anton-Schmid.png\",\"datePublished\":\"2020-07-23T11:17:15+00:00\",\"dateModified\":\"2024-03-14T17:16:14+00:00\",\"breadcrumb\":{\"@id\":\"https:\\\/\\\/upravitrenutak.com\\\/?product=susret-s-terezijom-iz-lisieuxa-anton-schmid#breadcrumb\"},\"inLanguage\":\"hr\",\"potentialAction\":[{\"@type\":\"ReadAction\",\"target\":[\"https:\\\/\\\/upravitrenutak.com\\\/?product=susret-s-terezijom-iz-lisieuxa-anton-schmid\"]}]},{\"@type\":\"ImageObject\",\"inLanguage\":\"hr\",\"@id\":\"https:\\\/\\\/upravitrenutak.com\\\/?product=susret-s-terezijom-iz-lisieuxa-anton-schmid#primaryimage\",\"url\":\"https:\\\/\\\/upravitrenutak.com\\\/wp-content\\\/uploads\\\/2020\\\/07\\\/Susret-s-Terezijom-iz-Lisieuxa_Anton-Schmid.png\",\"contentUrl\":\"https:\\\/\\\/upravitrenutak.com\\\/wp-content\\\/uploads\\\/2020\\\/07\\\/Susret-s-Terezijom-iz-Lisieuxa_Anton-Schmid.png\",\"width\":600,\"height\":852},{\"@type\":\"BreadcrumbList\",\"@id\":\"https:\\\/\\\/upravitrenutak.com\\\/?product=susret-s-terezijom-iz-lisieuxa-anton-schmid#breadcrumb\",\"itemListElement\":[{\"@type\":\"ListItem\",\"position\":1,\"name\":\"Po\u010detna stranica\",\"item\":\"https:\\\/\\\/upravitrenutak.com\\\/\"},{\"@type\":\"ListItem\",\"position\":2,\"name\":\"Cjelokupna ponuda\",\"item\":\"https:\\\/\\\/upravitrenutak.com\\\/?page_id=2362\"},{\"@type\":\"ListItem\",\"position\":3,\"name\":\"Susret s Terezijom iz Lisieuxa &#8211; Anton Schmid\"}]},{\"@type\":\"WebSite\",\"@id\":\"https:\\\/\\\/upravitrenutak.com\\\/#website\",\"url\":\"https:\\\/\\\/upravitrenutak.com\\\/\",\"name\":\"U Pravi Trenutak\",\"description\":\"Online Knji\u017eara\",\"potentialAction\":[{\"@type\":\"SearchAction\",\"target\":{\"@type\":\"EntryPoint\",\"urlTemplate\":\"https:\\\/\\\/upravitrenutak.com\\\/?s={search_term_string}\"},\"query-input\":{\"@type\":\"PropertyValueSpecification\",\"valueRequired\":true,\"valueName\":\"search_term_string\"}}],\"inLanguage\":\"hr\"}]}<\/script>\n<!-- \/ Yoast SEO plugin. -->","yoast_head_json":{"title":"Susret s Terezijom iz Lisieuxa - Anton Schmid - U Pravi Trenutak","robots":{"index":"index","follow":"follow","max-snippet":"max-snippet:-1","max-image-preview":"max-image-preview:large","max-video-preview":"max-video-preview:-1"},"canonical":"https:\/\/upravitrenutak.com\/?product=susret-s-terezijom-iz-lisieuxa-anton-schmid","og_locale":"hr_HR","og_type":"article","og_title":"Susret s Terezijom iz Lisieuxa - Anton Schmid - U Pravi Trenutak","og_description":"Ova knjiga sadr\u017ei i egzercicijska predavanja koja je autor odr\u017eao na razli\u010ditim mjestima. Ona mo\u017ee zbog toga potaknuti i na meditaciju. \u017diva se rije\u010d ne mo\u017ee dakako nadoknaditi, ali se izdavanjem ove knji\u017eice mogu va\u017ene misli nove crkvene nam u\u010diteljice u\u010diniti dostupnima \u0161irem krugu ljudi. Ona bi se trebala shvatiti kao pomo\u0107 za orijentaciju u svijetu koji se veoma mijenja i kao poticaj za kr\u0161\u0107anski \u017eivljenu svakida\u0161njicu. Neka sama sveta Terezija govori \u010ditateljima ove knjige i pomogne im kako bi ostvarili istinski kr\u0161\u0107anski \u017eivot.","og_url":"https:\/\/upravitrenutak.com\/?product=susret-s-terezijom-iz-lisieuxa-anton-schmid","og_site_name":"U Pravi Trenutak","article_publisher":"https:\/\/www.facebook.com\/Knji%c5%benica-U-Pravi-Trenutak-378755409393101","article_modified_time":"2024-03-14T17:16:14+00:00","og_image":[{"width":600,"height":852,"url":"https:\/\/upravitrenutak.com\/wp-content\/uploads\/2020\/07\/Susret-s-Terezijom-iz-Lisieuxa_Anton-Schmid.png","type":"image\/png"}],"twitter_card":"summary_large_image","schema":{"@context":"https:\/\/schema.org","@graph":[{"@type":"WebPage","@id":"https:\/\/upravitrenutak.com\/?product=susret-s-terezijom-iz-lisieuxa-anton-schmid","url":"https:\/\/upravitrenutak.com\/?product=susret-s-terezijom-iz-lisieuxa-anton-schmid","name":"Susret s Terezijom iz Lisieuxa - Anton Schmid - U Pravi Trenutak","isPartOf":{"@id":"https:\/\/upravitrenutak.com\/#website"},"primaryImageOfPage":{"@id":"https:\/\/upravitrenutak.com\/?product=susret-s-terezijom-iz-lisieuxa-anton-schmid#primaryimage"},"image":{"@id":"https:\/\/upravitrenutak.com\/?product=susret-s-terezijom-iz-lisieuxa-anton-schmid#primaryimage"},"thumbnailUrl":"https:\/\/upravitrenutak.com\/wp-content\/uploads\/2020\/07\/Susret-s-Terezijom-iz-Lisieuxa_Anton-Schmid.png","datePublished":"2020-07-23T11:17:15+00:00","dateModified":"2024-03-14T17:16:14+00:00","breadcrumb":{"@id":"https:\/\/upravitrenutak.com\/?product=susret-s-terezijom-iz-lisieuxa-anton-schmid#breadcrumb"},"inLanguage":"hr","potentialAction":[{"@type":"ReadAction","target":["https:\/\/upravitrenutak.com\/?product=susret-s-terezijom-iz-lisieuxa-anton-schmid"]}]},{"@type":"ImageObject","inLanguage":"hr","@id":"https:\/\/upravitrenutak.com\/?product=susret-s-terezijom-iz-lisieuxa-anton-schmid#primaryimage","url":"https:\/\/upravitrenutak.com\/wp-content\/uploads\/2020\/07\/Susret-s-Terezijom-iz-Lisieuxa_Anton-Schmid.png","contentUrl":"https:\/\/upravitrenutak.com\/wp-content\/uploads\/2020\/07\/Susret-s-Terezijom-iz-Lisieuxa_Anton-Schmid.png","width":600,"height":852},{"@type":"BreadcrumbList","@id":"https:\/\/upravitrenutak.com\/?product=susret-s-terezijom-iz-lisieuxa-anton-schmid#breadcrumb","itemListElement":[{"@type":"ListItem","position":1,"name":"Po\u010detna stranica","item":"https:\/\/upravitrenutak.com\/"},{"@type":"ListItem","position":2,"name":"Cjelokupna ponuda","item":"https:\/\/upravitrenutak.com\/?page_id=2362"},{"@type":"ListItem","position":3,"name":"Susret s Terezijom iz Lisieuxa &#8211; Anton Schmid"}]},{"@type":"WebSite","@id":"https:\/\/upravitrenutak.com\/#website","url":"https:\/\/upravitrenutak.com\/","name":"U Pravi Trenutak","description":"Online Knji\u017eara","potentialAction":[{"@type":"SearchAction","target":{"@type":"EntryPoint","urlTemplate":"https:\/\/upravitrenutak.com\/?s={search_term_string}"},"query-input":{"@type":"PropertyValueSpecification","valueRequired":true,"valueName":"search_term_string"}}],"inLanguage":"hr"}]}},"_links":{"self":[{"href":"https:\/\/upravitrenutak.com\/index.php?rest_route=\/wp\/v2\/product\/2552","targetHints":{"allow":["GET"]}}],"collection":[{"href":"https:\/\/upravitrenutak.com\/index.php?rest_route=\/wp\/v2\/product"}],"about":[{"href":"https:\/\/upravitrenutak.com\/index.php?rest_route=\/wp\/v2\/types\/product"}],"replies":[{"embeddable":true,"href":"https:\/\/upravitrenutak.com\/index.php?rest_route=%2Fwp%2Fv2%2Fcomments&post=2552"}],"wp:featuredmedia":[{"embeddable":true,"href":"https:\/\/upravitrenutak.com\/index.php?rest_route=\/wp\/v2\/media\/2553"}],"wp:attachment":[{"href":"https:\/\/upravitrenutak.com\/index.php?rest_route=%2Fwp%2Fv2%2Fmedia&parent=2552"}],"wp:term":[{"taxonomy":"product_brand","embeddable":true,"href":"https:\/\/upravitrenutak.com\/index.php?rest_route=%2Fwp%2Fv2%2Fproduct_brand&post=2552"},{"taxonomy":"product_cat","embeddable":true,"href":"https:\/\/upravitrenutak.com\/index.php?rest_route=%2Fwp%2Fv2%2Fproduct_cat&post=2552"},{"taxonomy":"product_tag","embeddable":true,"href":"https:\/\/upravitrenutak.com\/index.php?rest_route=%2Fwp%2Fv2%2Fproduct_tag&post=2552"}],"curies":[{"name":"wp","href":"https:\/\/api.w.org\/{rel}","templated":true}]}}

<p>Ova knjiga sadrži i egzercicijska predavanja koja je autor održao na različitim mjestima. Ona može zbog toga potaknuti i na meditaciju. Živa se riječ ne može dakako nadoknaditi, ali se izdavanjem ove knjižice mogu važne misli nove crkvene nam učiteljice učiniti dostupnima širem krugu ljudi. Ona bi se trebala shvatiti kao pomoć za orijentaciju u svijetu koji se veoma mijenja i kao poticaj za kršćanski življenu svakidašnjicu. Neka sama sveta Terezija govori čitateljima ove knjige i pomogne im kako bi ostvarili istinski kršćanski život.</p>

<!-- This site is optimized with the Yoast SEO plugin v28.4 - https://yoast.com/product/yoast-seo-wordpress/ -->
<title>Susret s Terezijom iz Lisieuxa - Anton Schmid - U Pravi Trenutak</title>
<meta name="robots" content="index, follow, max-snippet:-1, max-image-preview:large, max-video-preview:-1" />
<link rel="canonical" href="https://upravitrenutak.com/?product=susret-s-terezijom-iz-lisieuxa-anton-schmid" />
<meta property="og:locale" content="hr_HR" />
<meta property="og:type" content="article" />
<meta property="og:title" content="Susret s Terezijom iz Lisieuxa - Anton Schmid - U Pravi Trenutak" />
<meta property="og:description" content="Ova knjiga sadrži i egzercicijska predavanja koja je autor održao na različitim mjestima. Ona može zbog toga potaknuti i na meditaciju. Živa se riječ ne može dakako nadoknaditi, ali se izdavanjem ove knjižice mogu važne misli nove crkvene nam učiteljice učiniti dostupnima širem krugu ljudi. Ona bi se trebala shvatiti kao pomoć za orijentaciju u svijetu koji se veoma mijenja i kao poticaj za kršćanski življenu svakidašnjicu. Neka sama sveta Terezija govori čitateljima ove knjige i pomogne im kako bi ostvarili istinski kršćanski život." />
<meta property="og:url" content="https://upravitrenutak.com/?product=susret-s-terezijom-iz-lisieuxa-anton-schmid" />
<meta property="og:site_name" content="U Pravi Trenutak" />
<meta property="article:publisher" content="https://www.facebook.com/Knji%c5%benica-U-Pravi-Trenutak-378755409393101" />
<meta property="article:modified_time" content="2024-03-14T17:16:14+00:00" />
<meta property="og:image" content="https://upravitrenutak.com/wp-content/uploads/2020/07/Susret-s-Terezijom-iz-Lisieuxa_Anton-Schmid.png" />
	<meta property="og:image:width" content="600" />
	<meta property="og:image:height" content="852" />
	<meta property="og:image:type" content="image/png" />
<meta name="twitter:card" content="summary_large_image" />
<script type="application/ld+json" class="yoast-schema-graph">{"@context":"https:\/\/schema.org","@graph":[{"@type":"WebPage","@id":"https:\/\/upravitrenutak.com\/?product=susret-s-terezijom-iz-lisieuxa-anton-schmid","url":"https:\/\/upravitrenutak.com\/?product=susret-s-terezijom-iz-lisieuxa-anton-schmid","name":"Susret s Terezijom iz Lisieuxa - Anton Schmid - U Pravi Trenutak","isPartOf":{"@id":"https:\/\/upravitrenutak.com\/#website"},"primaryImageOfPage":{"@id":"https:\/\/upravitrenutak.com\/?product=susret-s-terezijom-iz-lisieuxa-anton-schmid#primaryimage"},"image":{"@id":"https:\/\/upravitrenutak.com\/?product=susret-s-terezijom-iz-lisieuxa-anton-schmid#primaryimage"},"thumbnailUrl":"https:\/\/upravitrenutak.com\/wp-content\/uploads\/2020\/07\/Susret-s-Terezijom-iz-Lisieuxa_Anton-Schmid.png","datePublished":"2020-07-23T11:17:15+00:00","dateModified":"2024-03-14T17:16:14+00:00","breadcrumb":{"@id":"https:\/\/upravitrenutak.com\/?product=susret-s-terezijom-iz-lisieuxa-anton-schmid#breadcrumb"},"inLanguage":"hr","potentialAction":[{"@type":"ReadAction","target":["https:\/\/upravitrenutak.com\/?product=susret-s-terezijom-iz-lisieuxa-anton-schmid"]}]},{"@type":"ImageObject","inLanguage":"hr","@id":"https:\/\/upravitrenutak.com\/?product=susret-s-terezijom-iz-lisieuxa-anton-schmid#primaryimage","url":"https:\/\/upravitrenutak.com\/wp-content\/uploads\/2020\/07\/Susret-s-Terezijom-iz-Lisieuxa_Anton-Schmid.png","contentUrl":"https:\/\/upravitrenutak.com\/wp-content\/uploads\/2020\/07\/Susret-s-Terezijom-iz-Lisieuxa_Anton-Schmid.png","width":600,"height":852},{"@type":"BreadcrumbList","@id":"https:\/\/upravitrenutak.com\/?product=susret-s-terezijom-iz-lisieuxa-anton-schmid#breadcrumb","itemListElement":[{"@type":"ListItem","position":1,"name":"Početna stranica","item":"https:\/\/upravitrenutak.com\/"},{"@type":"ListItem","position":2,"name":"Cjelokupna ponuda","item":"https:\/\/upravitrenutak.com\/?page_id=2362"},{"@type":"ListItem","position":3,"name":"Susret s Terezijom iz Lisieuxa &#8211; Anton Schmid"}]},{"@type":"WebSite","@id":"https:\/\/upravitrenutak.com\/#website","url":"https:\/\/upravitrenutak.com\/","name":"U Pravi Trenutak","description":"Online Knjižara","potentialAction":[{"@type":"SearchAction","target":{"@type":"EntryPoint","urlTemplate":"https:\/\/upravitrenutak.com\/?s={search_term_string}"},"query-input":{"@type":"PropertyValueSpecification","valueRequired":true,"valueName":"search_term_string"}}],"inLanguage":"hr"}]}</script>
<!-- / Yoast SEO plugin. -->

Ova knjiga sadrži i egzercicijska predavanja koja je autor održao na različitim mjestima. Ona može zbog toga potaknuti i na meditaciju. Živa se riječ ne može dakako nadoknaditi, ali se izdavanjem ove knjižice mogu važne misli nove crkvene nam učiteljice učiniti dostupnima širem krugu ljudi. Ona bi se trebala shvatiti kao pomoć za orijentaciju u svijetu koji se veoma mijenja i kao poticaj za kršćanski življenu svakidašnjicu. Neka sama sveta Terezija govori čitateljima ove knjige i pomogne im kako bi ostvarili istinski kršćanski život.

Početna stranica

Online Knjižara
