{"id":2658,"date":"2020-07-24T10:23:00","date_gmt":"2020-07-24T10:23:00","guid":{"rendered":"https:\/\/upravitrenutak.com\/?post_type=product&#038;p=2658"},"modified":"2024-03-14T17:02:42","modified_gmt":"2024-03-14T17:02:42","slug":"knjizica-pouzdanja-basilea-schlink","status":"publish","type":"product","link":"https:\/\/upravitrenutak.com\/?product=knjizica-pouzdanja-basilea-schlink","title":{"rendered":"Knji\u017eica pouzdanja &#8211; Basilea Schlink"},"content":{"rendered":"<p>Meki uvez.<\/p>\n<p>Dimenzije: 150 x 105.<\/p>\n<p>60 stranica.<\/p>\n","protected":false},"excerpt":{"rendered":"<p>Moj O\u010de, predajem se Tebi da mogu izdr\u017eati u te\u0161ko\u0107i i do\u010dekati Tvoj \u010das. Zahvaljujem Ti jer \u0107e to biti \u010das velike radosti i uzvi\u0161enosti koje ti daje\u0161 iskusiti i koje se u \u010dekanju vi\u0161estruko oplemene. Amen.<br \/>\nIz knji\u017eice<\/p>\n","protected":false},"featured_media":2659,"comment_status":"open","ping_status":"closed","template":"","meta":[],"product_brand":[],"product_cat":[138,86],"product_tag":[100,107],"class_list":{"0":"post-2658","1":"product","2":"type-product","3":"status-publish","4":"has-post-thumbnail","6":"product_cat-akcijske","7":"product_cat-upt","8":"product_tag-misli","9":"product_tag-molitve","11":"first","12":"instock","13":"sale","14":"featured","15":"shipping-taxable","16":"purchasable","17":"product-type-simple"},"yoast_head":"<!-- This site is optimized with the Yoast SEO plugin v27.4 - https:\/\/yoast.com\/product\/yoast-seo-wordpress\/ -->\n<title>Knji\u017eica pouzdanja - Basilea Schlink - U Pravi Trenutak<\/title>\n<meta name=\"robots\" content=\"index, follow, max-snippet:-1, max-image-preview:large, max-video-preview:-1\" \/>\n<link rel=\"canonical\" href=\"https:\/\/upravitrenutak.com\/?product=knjizica-pouzdanja-basilea-schlink\" \/>\n<meta property=\"og:locale\" content=\"hr_HR\" \/>\n<meta property=\"og:type\" content=\"article\" \/>\n<meta property=\"og:title\" content=\"Knji\u017eica pouzdanja - Basilea Schlink - U Pravi Trenutak\" \/>\n<meta property=\"og:description\" content=\"Moj O\u010de, predajem se Tebi da mogu izdr\u017eati u te\u0161ko\u0107i i do\u010dekati Tvoj \u010das. Zahvaljujem Ti jer \u0107e to biti \u010das velike radosti i uzvi\u0161enosti koje ti daje\u0161 iskusiti i koje se u \u010dekanju vi\u0161estruko oplemene. Amen. Iz knji\u017eice\" \/>\n<meta property=\"og:url\" content=\"https:\/\/upravitrenutak.com\/?product=knjizica-pouzdanja-basilea-schlink\" \/>\n<meta property=\"og:site_name\" content=\"U Pravi Trenutak\" \/>\n<meta property=\"article:publisher\" content=\"https:\/\/www.facebook.com\/Knji%c5%benica-U-Pravi-Trenutak-378755409393101\" \/>\n<meta property=\"article:modified_time\" content=\"2024-03-14T17:02:42+00:00\" \/>\n<meta property=\"og:image\" content=\"https:\/\/upravitrenutak.com\/wp-content\/uploads\/2020\/07\/Knji\u017enica-pouzdanja_M.-Basilea-Schlink.png\" \/>\n\t<meta property=\"og:image:width\" content=\"600\" \/>\n\t<meta property=\"og:image:height\" content=\"830\" \/>\n\t<meta property=\"og:image:type\" content=\"image\/png\" \/>\n<meta name=\"twitter:card\" content=\"summary_large_image\" \/>\n<script type=\"application\/ld+json\" class=\"yoast-schema-graph\">{\"@context\":\"https:\\\/\\\/schema.org\",\"@graph\":[{\"@type\":\"WebPage\",\"@id\":\"https:\\\/\\\/upravitrenutak.com\\\/?product=knjizica-pouzdanja-basilea-schlink\",\"url\":\"https:\\\/\\\/upravitrenutak.com\\\/?product=knjizica-pouzdanja-basilea-schlink\",\"name\":\"Knji\u017eica pouzdanja - Basilea Schlink - U Pravi Trenutak\",\"isPartOf\":{\"@id\":\"https:\\\/\\\/upravitrenutak.com\\\/#website\"},\"primaryImageOfPage\":{\"@id\":\"https:\\\/\\\/upravitrenutak.com\\\/?product=knjizica-pouzdanja-basilea-schlink#primaryimage\"},\"image\":{\"@id\":\"https:\\\/\\\/upravitrenutak.com\\\/?product=knjizica-pouzdanja-basilea-schlink#primaryimage\"},\"thumbnailUrl\":\"https:\\\/\\\/upravitrenutak.com\\\/wp-content\\\/uploads\\\/2020\\\/07\\\/Knji\u017enica-pouzdanja_M.-Basilea-Schlink.png\",\"datePublished\":\"2020-07-24T10:23:00+00:00\",\"dateModified\":\"2024-03-14T17:02:42+00:00\",\"breadcrumb\":{\"@id\":\"https:\\\/\\\/upravitrenutak.com\\\/?product=knjizica-pouzdanja-basilea-schlink#breadcrumb\"},\"inLanguage\":\"hr\",\"potentialAction\":[{\"@type\":\"ReadAction\",\"target\":[\"https:\\\/\\\/upravitrenutak.com\\\/?product=knjizica-pouzdanja-basilea-schlink\"]}]},{\"@type\":\"ImageObject\",\"inLanguage\":\"hr\",\"@id\":\"https:\\\/\\\/upravitrenutak.com\\\/?product=knjizica-pouzdanja-basilea-schlink#primaryimage\",\"url\":\"https:\\\/\\\/upravitrenutak.com\\\/wp-content\\\/uploads\\\/2020\\\/07\\\/Knji\u017enica-pouzdanja_M.-Basilea-Schlink.png\",\"contentUrl\":\"https:\\\/\\\/upravitrenutak.com\\\/wp-content\\\/uploads\\\/2020\\\/07\\\/Knji\u017enica-pouzdanja_M.-Basilea-Schlink.png\",\"width\":600,\"height\":830},{\"@type\":\"BreadcrumbList\",\"@id\":\"https:\\\/\\\/upravitrenutak.com\\\/?product=knjizica-pouzdanja-basilea-schlink#breadcrumb\",\"itemListElement\":[{\"@type\":\"ListItem\",\"position\":1,\"name\":\"Po\u010detna stranica\",\"item\":\"https:\\\/\\\/upravitrenutak.com\\\/\"},{\"@type\":\"ListItem\",\"position\":2,\"name\":\"Cjelokupna ponuda\",\"item\":\"https:\\\/\\\/upravitrenutak.com\\\/?page_id=2362\"},{\"@type\":\"ListItem\",\"position\":3,\"name\":\"Knji\u017eica pouzdanja &#8211; Basilea Schlink\"}]},{\"@type\":\"WebSite\",\"@id\":\"https:\\\/\\\/upravitrenutak.com\\\/#website\",\"url\":\"https:\\\/\\\/upravitrenutak.com\\\/\",\"name\":\"U Pravi Trenutak\",\"description\":\"Online Knji\u017eara\",\"potentialAction\":[{\"@type\":\"SearchAction\",\"target\":{\"@type\":\"EntryPoint\",\"urlTemplate\":\"https:\\\/\\\/upravitrenutak.com\\\/?s={search_term_string}\"},\"query-input\":{\"@type\":\"PropertyValueSpecification\",\"valueRequired\":true,\"valueName\":\"search_term_string\"}}],\"inLanguage\":\"hr\"}]}<\/script>\n<!-- \/ Yoast SEO plugin. -->","yoast_head_json":{"title":"Knji\u017eica pouzdanja - Basilea Schlink - U Pravi Trenutak","robots":{"index":"index","follow":"follow","max-snippet":"max-snippet:-1","max-image-preview":"max-image-preview:large","max-video-preview":"max-video-preview:-1"},"canonical":"https:\/\/upravitrenutak.com\/?product=knjizica-pouzdanja-basilea-schlink","og_locale":"hr_HR","og_type":"article","og_title":"Knji\u017eica pouzdanja - Basilea Schlink - U Pravi Trenutak","og_description":"Moj O\u010de, predajem se Tebi da mogu izdr\u017eati u te\u0161ko\u0107i i do\u010dekati Tvoj \u010das. Zahvaljujem Ti jer \u0107e to biti \u010das velike radosti i uzvi\u0161enosti koje ti daje\u0161 iskusiti i koje se u \u010dekanju vi\u0161estruko oplemene. Amen. Iz knji\u017eice","og_url":"https:\/\/upravitrenutak.com\/?product=knjizica-pouzdanja-basilea-schlink","og_site_name":"U Pravi Trenutak","article_publisher":"https:\/\/www.facebook.com\/Knji%c5%benica-U-Pravi-Trenutak-378755409393101","article_modified_time":"2024-03-14T17:02:42+00:00","og_image":[{"width":600,"height":830,"url":"https:\/\/upravitrenutak.com\/wp-content\/uploads\/2020\/07\/Knji\u017enica-pouzdanja_M.-Basilea-Schlink.png","type":"image\/png"}],"twitter_card":"summary_large_image","schema":{"@context":"https:\/\/schema.org","@graph":[{"@type":"WebPage","@id":"https:\/\/upravitrenutak.com\/?product=knjizica-pouzdanja-basilea-schlink","url":"https:\/\/upravitrenutak.com\/?product=knjizica-pouzdanja-basilea-schlink","name":"Knji\u017eica pouzdanja - Basilea Schlink - U Pravi Trenutak","isPartOf":{"@id":"https:\/\/upravitrenutak.com\/#website"},"primaryImageOfPage":{"@id":"https:\/\/upravitrenutak.com\/?product=knjizica-pouzdanja-basilea-schlink#primaryimage"},"image":{"@id":"https:\/\/upravitrenutak.com\/?product=knjizica-pouzdanja-basilea-schlink#primaryimage"},"thumbnailUrl":"https:\/\/upravitrenutak.com\/wp-content\/uploads\/2020\/07\/Knji\u017enica-pouzdanja_M.-Basilea-Schlink.png","datePublished":"2020-07-24T10:23:00+00:00","dateModified":"2024-03-14T17:02:42+00:00","breadcrumb":{"@id":"https:\/\/upravitrenutak.com\/?product=knjizica-pouzdanja-basilea-schlink#breadcrumb"},"inLanguage":"hr","potentialAction":[{"@type":"ReadAction","target":["https:\/\/upravitrenutak.com\/?product=knjizica-pouzdanja-basilea-schlink"]}]},{"@type":"ImageObject","inLanguage":"hr","@id":"https:\/\/upravitrenutak.com\/?product=knjizica-pouzdanja-basilea-schlink#primaryimage","url":"https:\/\/upravitrenutak.com\/wp-content\/uploads\/2020\/07\/Knji\u017enica-pouzdanja_M.-Basilea-Schlink.png","contentUrl":"https:\/\/upravitrenutak.com\/wp-content\/uploads\/2020\/07\/Knji\u017enica-pouzdanja_M.-Basilea-Schlink.png","width":600,"height":830},{"@type":"BreadcrumbList","@id":"https:\/\/upravitrenutak.com\/?product=knjizica-pouzdanja-basilea-schlink#breadcrumb","itemListElement":[{"@type":"ListItem","position":1,"name":"Po\u010detna stranica","item":"https:\/\/upravitrenutak.com\/"},{"@type":"ListItem","position":2,"name":"Cjelokupna ponuda","item":"https:\/\/upravitrenutak.com\/?page_id=2362"},{"@type":"ListItem","position":3,"name":"Knji\u017eica pouzdanja &#8211; Basilea Schlink"}]},{"@type":"WebSite","@id":"https:\/\/upravitrenutak.com\/#website","url":"https:\/\/upravitrenutak.com\/","name":"U Pravi Trenutak","description":"Online Knji\u017eara","potentialAction":[{"@type":"SearchAction","target":{"@type":"EntryPoint","urlTemplate":"https:\/\/upravitrenutak.com\/?s={search_term_string}"},"query-input":{"@type":"PropertyValueSpecification","valueRequired":true,"valueName":"search_term_string"}}],"inLanguage":"hr"}]}},"_links":{"self":[{"href":"https:\/\/upravitrenutak.com\/index.php?rest_route=\/wp\/v2\/product\/2658","targetHints":{"allow":["GET"]}}],"collection":[{"href":"https:\/\/upravitrenutak.com\/index.php?rest_route=\/wp\/v2\/product"}],"about":[{"href":"https:\/\/upravitrenutak.com\/index.php?rest_route=\/wp\/v2\/types\/product"}],"replies":[{"embeddable":true,"href":"https:\/\/upravitrenutak.com\/index.php?rest_route=%2Fwp%2Fv2%2Fcomments&post=2658"}],"wp:featuredmedia":[{"embeddable":true,"href":"https:\/\/upravitrenutak.com\/index.php?rest_route=\/wp\/v2\/media\/2659"}],"wp:attachment":[{"href":"https:\/\/upravitrenutak.com\/index.php?rest_route=%2Fwp%2Fv2%2Fmedia&parent=2658"}],"wp:term":[{"taxonomy":"product_brand","embeddable":true,"href":"https:\/\/upravitrenutak.com\/index.php?rest_route=%2Fwp%2Fv2%2Fproduct_brand&post=2658"},{"taxonomy":"product_cat","embeddable":true,"href":"https:\/\/upravitrenutak.com\/index.php?rest_route=%2Fwp%2Fv2%2Fproduct_cat&post=2658"},{"taxonomy":"product_tag","embeddable":true,"href":"https:\/\/upravitrenutak.com\/index.php?rest_route=%2Fwp%2Fv2%2Fproduct_tag&post=2658"}],"curies":[{"name":"wp","href":"https:\/\/api.w.org\/{rel}","templated":true}]}}