{"id":2753,"date":"2020-07-27T07:10:54","date_gmt":"2020-07-27T07:10:54","guid":{"rendered":"https:\/\/upravitrenutak.com\/?post_type=product&#038;p=2753"},"modified":"2026-01-29T12:32:08","modified_gmt":"2026-01-29T12:32:08","slug":"molitva-za-ozdravljenje-f-mac-nutt-b-l-shlemon","status":"publish","type":"product","link":"https:\/\/upravitrenutak.com\/?product=molitva-za-ozdravljenje-f-mac-nutt-b-l-shlemon","title":{"rendered":"Molitva za ozdravljenje &#8211; F. Mac Nutt, B. L. Shlemon"},"content":{"rendered":"<p>Meki uvez.<\/p>\n<p>Dimenzije: 200 x 140.<\/p>\n<p>151 stranica.<\/p>\n","protected":false},"excerpt":{"rendered":"<p>\u017divimo u svijetu mnogostrukih povreda koje mogu u\u010diniti da se du\u0161evno i tjelesno razbolimo. Istovremeno, danas sve vi\u0161e ljudi otkriva Kristovu iscjeliteljsku snagu ljubavi, za\u0161ti\u0107enosti i molitvi. Ova knjiga iz karizmatske obnove koja \u0107e mnoge razveseliti, iz bogata nam iskustva daje konkretne poticaje kako da ponovno otkrijemo osobnu i zajedni\u010dku molitvu u obitelji, u krugu prijatelja i u molitvenoj skupini.<br \/>\nSveti Pavao nedvojbeno svjedo\u010di: Sve mogu u onome koji me krijepi i ja\u010da.<\/p>\n","protected":false},"featured_media":2754,"comment_status":"open","ping_status":"closed","template":"","meta":[],"product_brand":[],"product_cat":[86],"product_tag":[93],"class_list":{"0":"post-2753","1":"product","2":"type-product","3":"status-publish","4":"has-post-thumbnail","6":"product_cat-upt","7":"product_tag-psihologija","9":"first","10":"instock","11":"featured","12":"shipping-taxable","13":"purchasable","14":"product-type-simple"},"yoast_head":"<!-- This site is optimized with the Yoast SEO plugin v27.4 - https:\/\/yoast.com\/product\/yoast-seo-wordpress\/ -->\n<title>Molitva za ozdravljenje, F. M. Nutt - B. L. Shelmon, U pravi trenutak<\/title>\n<meta name=\"description\" content=\"Molitva za ozdravljenje. \u017divimo u svijetu mnogostrukih povreda koje mogu u\u010diniti da se du\u0161evno i tjelesno razbolimo. Istovremeno, danas sve..\" \/>\n<meta name=\"robots\" content=\"index, follow, max-snippet:-1, max-image-preview:large, max-video-preview:-1\" \/>\n<link rel=\"canonical\" href=\"https:\/\/upravitrenutak.com\/?product=molitva-za-ozdravljenje-f-mac-nutt-b-l-shlemon\" \/>\n<meta property=\"og:locale\" content=\"hr_HR\" \/>\n<meta property=\"og:type\" content=\"article\" \/>\n<meta property=\"og:title\" content=\"Molitva za ozdravljenje, F. M. Nutt - B. L. Shelmon, U pravi trenutak\" \/>\n<meta property=\"og:description\" content=\"Molitva za ozdravljenje. \u017divimo u svijetu mnogostrukih povreda koje mogu u\u010diniti da se du\u0161evno i tjelesno razbolimo. Istovremeno, danas sve..\" \/>\n<meta property=\"og:url\" content=\"https:\/\/upravitrenutak.com\/?product=molitva-za-ozdravljenje-f-mac-nutt-b-l-shlemon\" \/>\n<meta property=\"og:site_name\" content=\"U Pravi Trenutak\" \/>\n<meta property=\"article:publisher\" content=\"https:\/\/www.facebook.com\/Knji%c5%benica-U-Pravi-Trenutak-378755409393101\" \/>\n<meta property=\"article:modified_time\" content=\"2026-01-29T12:32:08+00:00\" \/>\n<meta property=\"og:image\" content=\"https:\/\/upravitrenutak.com\/wp-content\/uploads\/2020\/07\/Molitva-za-ozdravljenje_Francis-Mac-Nutt_Barbara-L.-Shlemon.png\" \/>\n\t<meta property=\"og:image:width\" content=\"583\" \/>\n\t<meta property=\"og:image:height\" content=\"823\" \/>\n\t<meta property=\"og:image:type\" content=\"image\/png\" \/>\n<meta name=\"twitter:card\" content=\"summary_large_image\" \/>\n<script type=\"application\/ld+json\" class=\"yoast-schema-graph\">{\"@context\":\"https:\\\/\\\/schema.org\",\"@graph\":[{\"@type\":\"WebPage\",\"@id\":\"https:\\\/\\\/upravitrenutak.com\\\/?product=molitva-za-ozdravljenje-f-mac-nutt-b-l-shlemon\",\"url\":\"https:\\\/\\\/upravitrenutak.com\\\/?product=molitva-za-ozdravljenje-f-mac-nutt-b-l-shlemon\",\"name\":\"Molitva za ozdravljenje, F. M. Nutt - B. L. Shelmon, U pravi trenutak\",\"isPartOf\":{\"@id\":\"https:\\\/\\\/upravitrenutak.com\\\/#website\"},\"primaryImageOfPage\":{\"@id\":\"https:\\\/\\\/upravitrenutak.com\\\/?product=molitva-za-ozdravljenje-f-mac-nutt-b-l-shlemon#primaryimage\"},\"image\":{\"@id\":\"https:\\\/\\\/upravitrenutak.com\\\/?product=molitva-za-ozdravljenje-f-mac-nutt-b-l-shlemon#primaryimage\"},\"thumbnailUrl\":\"https:\\\/\\\/upravitrenutak.com\\\/wp-content\\\/uploads\\\/2020\\\/07\\\/Molitva-za-ozdravljenje_Francis-Mac-Nutt_Barbara-L.-Shlemon.png\",\"datePublished\":\"2020-07-27T07:10:54+00:00\",\"dateModified\":\"2026-01-29T12:32:08+00:00\",\"description\":\"Molitva za ozdravljenje. \u017divimo u svijetu mnogostrukih povreda koje mogu u\u010diniti da se du\u0161evno i tjelesno razbolimo. Istovremeno, danas sve..\",\"breadcrumb\":{\"@id\":\"https:\\\/\\\/upravitrenutak.com\\\/?product=molitva-za-ozdravljenje-f-mac-nutt-b-l-shlemon#breadcrumb\"},\"inLanguage\":\"hr\",\"potentialAction\":[{\"@type\":\"ReadAction\",\"target\":[\"https:\\\/\\\/upravitrenutak.com\\\/?product=molitva-za-ozdravljenje-f-mac-nutt-b-l-shlemon\"]}]},{\"@type\":\"ImageObject\",\"inLanguage\":\"hr\",\"@id\":\"https:\\\/\\\/upravitrenutak.com\\\/?product=molitva-za-ozdravljenje-f-mac-nutt-b-l-shlemon#primaryimage\",\"url\":\"https:\\\/\\\/upravitrenutak.com\\\/wp-content\\\/uploads\\\/2020\\\/07\\\/Molitva-za-ozdravljenje_Francis-Mac-Nutt_Barbara-L.-Shlemon.png\",\"contentUrl\":\"https:\\\/\\\/upravitrenutak.com\\\/wp-content\\\/uploads\\\/2020\\\/07\\\/Molitva-za-ozdravljenje_Francis-Mac-Nutt_Barbara-L.-Shlemon.png\",\"width\":583,\"height\":823,\"caption\":\"Molitva-za-ozdravljenje\"},{\"@type\":\"BreadcrumbList\",\"@id\":\"https:\\\/\\\/upravitrenutak.com\\\/?product=molitva-za-ozdravljenje-f-mac-nutt-b-l-shlemon#breadcrumb\",\"itemListElement\":[{\"@type\":\"ListItem\",\"position\":1,\"name\":\"Po\u010detna stranica\",\"item\":\"https:\\\/\\\/upravitrenutak.com\\\/\"},{\"@type\":\"ListItem\",\"position\":2,\"name\":\"Cjelokupna ponuda\",\"item\":\"https:\\\/\\\/upravitrenutak.com\\\/?page_id=2362\"},{\"@type\":\"ListItem\",\"position\":3,\"name\":\"Molitva za ozdravljenje &#8211; F. Mac Nutt, B. L. Shlemon\"}]},{\"@type\":\"WebSite\",\"@id\":\"https:\\\/\\\/upravitrenutak.com\\\/#website\",\"url\":\"https:\\\/\\\/upravitrenutak.com\\\/\",\"name\":\"U Pravi Trenutak\",\"description\":\"Online Knji\u017eara\",\"potentialAction\":[{\"@type\":\"SearchAction\",\"target\":{\"@type\":\"EntryPoint\",\"urlTemplate\":\"https:\\\/\\\/upravitrenutak.com\\\/?s={search_term_string}\"},\"query-input\":{\"@type\":\"PropertyValueSpecification\",\"valueRequired\":true,\"valueName\":\"search_term_string\"}}],\"inLanguage\":\"hr\"}]}<\/script>\n<!-- \/ Yoast SEO plugin. -->","yoast_head_json":{"title":"Molitva za ozdravljenje, F. M. Nutt - B. L. Shelmon, U pravi trenutak","description":"Molitva za ozdravljenje. \u017divimo u svijetu mnogostrukih povreda koje mogu u\u010diniti da se du\u0161evno i tjelesno razbolimo. Istovremeno, danas sve..","robots":{"index":"index","follow":"follow","max-snippet":"max-snippet:-1","max-image-preview":"max-image-preview:large","max-video-preview":"max-video-preview:-1"},"canonical":"https:\/\/upravitrenutak.com\/?product=molitva-za-ozdravljenje-f-mac-nutt-b-l-shlemon","og_locale":"hr_HR","og_type":"article","og_title":"Molitva za ozdravljenje, F. M. Nutt - B. L. Shelmon, U pravi trenutak","og_description":"Molitva za ozdravljenje. \u017divimo u svijetu mnogostrukih povreda koje mogu u\u010diniti da se du\u0161evno i tjelesno razbolimo. Istovremeno, danas sve..","og_url":"https:\/\/upravitrenutak.com\/?product=molitva-za-ozdravljenje-f-mac-nutt-b-l-shlemon","og_site_name":"U Pravi Trenutak","article_publisher":"https:\/\/www.facebook.com\/Knji%c5%benica-U-Pravi-Trenutak-378755409393101","article_modified_time":"2026-01-29T12:32:08+00:00","og_image":[{"width":583,"height":823,"url":"https:\/\/upravitrenutak.com\/wp-content\/uploads\/2020\/07\/Molitva-za-ozdravljenje_Francis-Mac-Nutt_Barbara-L.-Shlemon.png","type":"image\/png"}],"twitter_card":"summary_large_image","schema":{"@context":"https:\/\/schema.org","@graph":[{"@type":"WebPage","@id":"https:\/\/upravitrenutak.com\/?product=molitva-za-ozdravljenje-f-mac-nutt-b-l-shlemon","url":"https:\/\/upravitrenutak.com\/?product=molitva-za-ozdravljenje-f-mac-nutt-b-l-shlemon","name":"Molitva za ozdravljenje, F. M. Nutt - B. L. Shelmon, U pravi trenutak","isPartOf":{"@id":"https:\/\/upravitrenutak.com\/#website"},"primaryImageOfPage":{"@id":"https:\/\/upravitrenutak.com\/?product=molitva-za-ozdravljenje-f-mac-nutt-b-l-shlemon#primaryimage"},"image":{"@id":"https:\/\/upravitrenutak.com\/?product=molitva-za-ozdravljenje-f-mac-nutt-b-l-shlemon#primaryimage"},"thumbnailUrl":"https:\/\/upravitrenutak.com\/wp-content\/uploads\/2020\/07\/Molitva-za-ozdravljenje_Francis-Mac-Nutt_Barbara-L.-Shlemon.png","datePublished":"2020-07-27T07:10:54+00:00","dateModified":"2026-01-29T12:32:08+00:00","description":"Molitva za ozdravljenje. \u017divimo u svijetu mnogostrukih povreda koje mogu u\u010diniti da se du\u0161evno i tjelesno razbolimo. Istovremeno, danas sve..","breadcrumb":{"@id":"https:\/\/upravitrenutak.com\/?product=molitva-za-ozdravljenje-f-mac-nutt-b-l-shlemon#breadcrumb"},"inLanguage":"hr","potentialAction":[{"@type":"ReadAction","target":["https:\/\/upravitrenutak.com\/?product=molitva-za-ozdravljenje-f-mac-nutt-b-l-shlemon"]}]},{"@type":"ImageObject","inLanguage":"hr","@id":"https:\/\/upravitrenutak.com\/?product=molitva-za-ozdravljenje-f-mac-nutt-b-l-shlemon#primaryimage","url":"https:\/\/upravitrenutak.com\/wp-content\/uploads\/2020\/07\/Molitva-za-ozdravljenje_Francis-Mac-Nutt_Barbara-L.-Shlemon.png","contentUrl":"https:\/\/upravitrenutak.com\/wp-content\/uploads\/2020\/07\/Molitva-za-ozdravljenje_Francis-Mac-Nutt_Barbara-L.-Shlemon.png","width":583,"height":823,"caption":"Molitva-za-ozdravljenje"},{"@type":"BreadcrumbList","@id":"https:\/\/upravitrenutak.com\/?product=molitva-za-ozdravljenje-f-mac-nutt-b-l-shlemon#breadcrumb","itemListElement":[{"@type":"ListItem","position":1,"name":"Po\u010detna stranica","item":"https:\/\/upravitrenutak.com\/"},{"@type":"ListItem","position":2,"name":"Cjelokupna ponuda","item":"https:\/\/upravitrenutak.com\/?page_id=2362"},{"@type":"ListItem","position":3,"name":"Molitva za ozdravljenje &#8211; F. Mac Nutt, B. L. Shlemon"}]},{"@type":"WebSite","@id":"https:\/\/upravitrenutak.com\/#website","url":"https:\/\/upravitrenutak.com\/","name":"U Pravi Trenutak","description":"Online Knji\u017eara","potentialAction":[{"@type":"SearchAction","target":{"@type":"EntryPoint","urlTemplate":"https:\/\/upravitrenutak.com\/?s={search_term_string}"},"query-input":{"@type":"PropertyValueSpecification","valueRequired":true,"valueName":"search_term_string"}}],"inLanguage":"hr"}]}},"_links":{"self":[{"href":"https:\/\/upravitrenutak.com\/index.php?rest_route=\/wp\/v2\/product\/2753","targetHints":{"allow":["GET"]}}],"collection":[{"href":"https:\/\/upravitrenutak.com\/index.php?rest_route=\/wp\/v2\/product"}],"about":[{"href":"https:\/\/upravitrenutak.com\/index.php?rest_route=\/wp\/v2\/types\/product"}],"replies":[{"embeddable":true,"href":"https:\/\/upravitrenutak.com\/index.php?rest_route=%2Fwp%2Fv2%2Fcomments&post=2753"}],"wp:featuredmedia":[{"embeddable":true,"href":"https:\/\/upravitrenutak.com\/index.php?rest_route=\/wp\/v2\/media\/2754"}],"wp:attachment":[{"href":"https:\/\/upravitrenutak.com\/index.php?rest_route=%2Fwp%2Fv2%2Fmedia&parent=2753"}],"wp:term":[{"taxonomy":"product_brand","embeddable":true,"href":"https:\/\/upravitrenutak.com\/index.php?rest_route=%2Fwp%2Fv2%2Fproduct_brand&post=2753"},{"taxonomy":"product_cat","embeddable":true,"href":"https:\/\/upravitrenutak.com\/index.php?rest_route=%2Fwp%2Fv2%2Fproduct_cat&post=2753"},{"taxonomy":"product_tag","embeddable":true,"href":"https:\/\/upravitrenutak.com\/index.php?rest_route=%2Fwp%2Fv2%2Fproduct_tag&post=2753"}],"curies":[{"name":"wp","href":"https:\/\/api.w.org\/{rel}","templated":true}]}}