{"id":2978,"date":"2020-08-01T07:18:53","date_gmt":"2020-08-01T07:18:53","guid":{"rendered":"https:\/\/upravitrenutak.com\/?post_type=product&#038;p=2978"},"modified":"2025-09-03T10:47:23","modified_gmt":"2025-09-03T10:47:23","slug":"moja-prva-biblija-cecilie-olesen","status":"publish","type":"product","link":"https:\/\/upravitrenutak.com\/?product=moja-prva-biblija-cecilie-olesen","title":{"rendered":"Moja prva Biblija &#8211; Cecilie Olesen"},"content":{"rendered":"<p>Tvrdi uvez.<\/p>\n<p>Dimenzije: 100 x 85.<\/p>\n<p>61 stranica.<\/p>\n","protected":false},"excerpt":{"rendered":"<p>Sada i najmla\u0111i mogu imati svoju vlastitu Bibliju. Ovo simpati\u010dno i bogato opremljeno izdanje je uz to i vrlo prakti\u010dno. S ru\u010dkom i kop\u010dom djeluje poput kov\u010de\u017ei\u0107a kojeg \u0107e maleni nositi svuda sa sobom. Korice knjige su plastificirane i u boji, vrlo izdr\u017eljive i prikladne za dugotrajnu i \u010destu uporabu. Sve stranice su ilustrirane u boji. U knjizi se nalaze najva\u017enije biblijske pri\u010de od Knjige Postanka do Otkrivenja \u2013 sve vjerne Svetome pismu, a ispri\u010dane posve jednostavnim re\u010denicama.<\/p>\n","protected":false},"featured_media":2979,"comment_status":"open","ping_status":"closed","template":"","meta":[],"product_brand":[],"product_cat":[83],"product_tag":[128,103],"class_list":{"0":"post-2978","1":"product","2":"type-product","3":"status-publish","4":"has-post-thumbnail","6":"product_cat-verbum-d-o-o","7":"product_tag-biblija","8":"product_tag-za-djecu","10":"first","11":"instock","12":"shipping-taxable","13":"purchasable","14":"product-type-simple"},"yoast_head":"<!-- This site is optimized with the Yoast SEO plugin v27.4 - https:\/\/yoast.com\/product\/yoast-seo-wordpress\/ -->\n<title>Moja prva Biblija - Cecilie Olesen - U Pravi Trenutak<\/title>\n<meta name=\"robots\" content=\"index, follow, max-snippet:-1, max-image-preview:large, max-video-preview:-1\" \/>\n<link rel=\"canonical\" href=\"https:\/\/upravitrenutak.com\/?product=moja-prva-biblija-cecilie-olesen\" \/>\n<meta property=\"og:locale\" content=\"hr_HR\" \/>\n<meta property=\"og:type\" content=\"article\" \/>\n<meta property=\"og:title\" content=\"Moja prva Biblija - Cecilie Olesen - U Pravi Trenutak\" \/>\n<meta property=\"og:description\" content=\"Sada i najmla\u0111i mogu imati svoju vlastitu Bibliju. Ovo simpati\u010dno i bogato opremljeno izdanje je uz to i vrlo prakti\u010dno. S ru\u010dkom i kop\u010dom djeluje poput kov\u010de\u017ei\u0107a kojeg \u0107e maleni nositi svuda sa sobom. Korice knjige su plastificirane i u boji, vrlo izdr\u017eljive i prikladne za dugotrajnu i \u010destu uporabu. Sve stranice su ilustrirane u boji. U knjizi se nalaze najva\u017enije biblijske pri\u010de od Knjige Postanka do Otkrivenja \u2013 sve vjerne Svetome pismu, a ispri\u010dane posve jednostavnim re\u010denicama.\" \/>\n<meta property=\"og:url\" content=\"https:\/\/upravitrenutak.com\/?product=moja-prva-biblija-cecilie-olesen\" \/>\n<meta property=\"og:site_name\" content=\"U Pravi Trenutak\" \/>\n<meta property=\"article:publisher\" content=\"https:\/\/www.facebook.com\/Knji%c5%benica-U-Pravi-Trenutak-378755409393101\" \/>\n<meta property=\"article:modified_time\" content=\"2025-09-03T10:47:23+00:00\" \/>\n<meta property=\"og:image\" content=\"https:\/\/upravitrenutak.com\/wp-content\/uploads\/2020\/08\/253.jpg\" \/>\n\t<meta property=\"og:image:width\" content=\"400\" \/>\n\t<meta property=\"og:image:height\" content=\"418\" \/>\n\t<meta property=\"og:image:type\" content=\"image\/jpeg\" \/>\n<meta name=\"twitter:card\" content=\"summary_large_image\" \/>\n<script type=\"application\/ld+json\" class=\"yoast-schema-graph\">{\"@context\":\"https:\\\/\\\/schema.org\",\"@graph\":[{\"@type\":\"WebPage\",\"@id\":\"https:\\\/\\\/upravitrenutak.com\\\/?product=moja-prva-biblija-cecilie-olesen\",\"url\":\"https:\\\/\\\/upravitrenutak.com\\\/?product=moja-prva-biblija-cecilie-olesen\",\"name\":\"Moja prva Biblija - Cecilie Olesen - U Pravi Trenutak\",\"isPartOf\":{\"@id\":\"https:\\\/\\\/upravitrenutak.com\\\/#website\"},\"primaryImageOfPage\":{\"@id\":\"https:\\\/\\\/upravitrenutak.com\\\/?product=moja-prva-biblija-cecilie-olesen#primaryimage\"},\"image\":{\"@id\":\"https:\\\/\\\/upravitrenutak.com\\\/?product=moja-prva-biblija-cecilie-olesen#primaryimage\"},\"thumbnailUrl\":\"https:\\\/\\\/upravitrenutak.com\\\/wp-content\\\/uploads\\\/2020\\\/08\\\/253.jpg\",\"datePublished\":\"2020-08-01T07:18:53+00:00\",\"dateModified\":\"2025-09-03T10:47:23+00:00\",\"breadcrumb\":{\"@id\":\"https:\\\/\\\/upravitrenutak.com\\\/?product=moja-prva-biblija-cecilie-olesen#breadcrumb\"},\"inLanguage\":\"hr\",\"potentialAction\":[{\"@type\":\"ReadAction\",\"target\":[\"https:\\\/\\\/upravitrenutak.com\\\/?product=moja-prva-biblija-cecilie-olesen\"]}]},{\"@type\":\"ImageObject\",\"inLanguage\":\"hr\",\"@id\":\"https:\\\/\\\/upravitrenutak.com\\\/?product=moja-prva-biblija-cecilie-olesen#primaryimage\",\"url\":\"https:\\\/\\\/upravitrenutak.com\\\/wp-content\\\/uploads\\\/2020\\\/08\\\/253.jpg\",\"contentUrl\":\"https:\\\/\\\/upravitrenutak.com\\\/wp-content\\\/uploads\\\/2020\\\/08\\\/253.jpg\",\"width\":400,\"height\":418},{\"@type\":\"BreadcrumbList\",\"@id\":\"https:\\\/\\\/upravitrenutak.com\\\/?product=moja-prva-biblija-cecilie-olesen#breadcrumb\",\"itemListElement\":[{\"@type\":\"ListItem\",\"position\":1,\"name\":\"Po\u010detna stranica\",\"item\":\"https:\\\/\\\/upravitrenutak.com\\\/\"},{\"@type\":\"ListItem\",\"position\":2,\"name\":\"Cjelokupna ponuda\",\"item\":\"https:\\\/\\\/upravitrenutak.com\\\/?page_id=2362\"},{\"@type\":\"ListItem\",\"position\":3,\"name\":\"Moja prva Biblija &#8211; Cecilie Olesen\"}]},{\"@type\":\"WebSite\",\"@id\":\"https:\\\/\\\/upravitrenutak.com\\\/#website\",\"url\":\"https:\\\/\\\/upravitrenutak.com\\\/\",\"name\":\"U Pravi Trenutak\",\"description\":\"Online Knji\u017eara\",\"potentialAction\":[{\"@type\":\"SearchAction\",\"target\":{\"@type\":\"EntryPoint\",\"urlTemplate\":\"https:\\\/\\\/upravitrenutak.com\\\/?s={search_term_string}\"},\"query-input\":{\"@type\":\"PropertyValueSpecification\",\"valueRequired\":true,\"valueName\":\"search_term_string\"}}],\"inLanguage\":\"hr\"}]}<\/script>\n<!-- \/ Yoast SEO plugin. -->","yoast_head_json":{"title":"Moja prva Biblija - Cecilie Olesen - U Pravi Trenutak","robots":{"index":"index","follow":"follow","max-snippet":"max-snippet:-1","max-image-preview":"max-image-preview:large","max-video-preview":"max-video-preview:-1"},"canonical":"https:\/\/upravitrenutak.com\/?product=moja-prva-biblija-cecilie-olesen","og_locale":"hr_HR","og_type":"article","og_title":"Moja prva Biblija - Cecilie Olesen - U Pravi Trenutak","og_description":"Sada i najmla\u0111i mogu imati svoju vlastitu Bibliju. Ovo simpati\u010dno i bogato opremljeno izdanje je uz to i vrlo prakti\u010dno. S ru\u010dkom i kop\u010dom djeluje poput kov\u010de\u017ei\u0107a kojeg \u0107e maleni nositi svuda sa sobom. Korice knjige su plastificirane i u boji, vrlo izdr\u017eljive i prikladne za dugotrajnu i \u010destu uporabu. Sve stranice su ilustrirane u boji. U knjizi se nalaze najva\u017enije biblijske pri\u010de od Knjige Postanka do Otkrivenja \u2013 sve vjerne Svetome pismu, a ispri\u010dane posve jednostavnim re\u010denicama.","og_url":"https:\/\/upravitrenutak.com\/?product=moja-prva-biblija-cecilie-olesen","og_site_name":"U Pravi Trenutak","article_publisher":"https:\/\/www.facebook.com\/Knji%c5%benica-U-Pravi-Trenutak-378755409393101","article_modified_time":"2025-09-03T10:47:23+00:00","og_image":[{"width":400,"height":418,"url":"https:\/\/upravitrenutak.com\/wp-content\/uploads\/2020\/08\/253.jpg","type":"image\/jpeg"}],"twitter_card":"summary_large_image","schema":{"@context":"https:\/\/schema.org","@graph":[{"@type":"WebPage","@id":"https:\/\/upravitrenutak.com\/?product=moja-prva-biblija-cecilie-olesen","url":"https:\/\/upravitrenutak.com\/?product=moja-prva-biblija-cecilie-olesen","name":"Moja prva Biblija - Cecilie Olesen - U Pravi Trenutak","isPartOf":{"@id":"https:\/\/upravitrenutak.com\/#website"},"primaryImageOfPage":{"@id":"https:\/\/upravitrenutak.com\/?product=moja-prva-biblija-cecilie-olesen#primaryimage"},"image":{"@id":"https:\/\/upravitrenutak.com\/?product=moja-prva-biblija-cecilie-olesen#primaryimage"},"thumbnailUrl":"https:\/\/upravitrenutak.com\/wp-content\/uploads\/2020\/08\/253.jpg","datePublished":"2020-08-01T07:18:53+00:00","dateModified":"2025-09-03T10:47:23+00:00","breadcrumb":{"@id":"https:\/\/upravitrenutak.com\/?product=moja-prva-biblija-cecilie-olesen#breadcrumb"},"inLanguage":"hr","potentialAction":[{"@type":"ReadAction","target":["https:\/\/upravitrenutak.com\/?product=moja-prva-biblija-cecilie-olesen"]}]},{"@type":"ImageObject","inLanguage":"hr","@id":"https:\/\/upravitrenutak.com\/?product=moja-prva-biblija-cecilie-olesen#primaryimage","url":"https:\/\/upravitrenutak.com\/wp-content\/uploads\/2020\/08\/253.jpg","contentUrl":"https:\/\/upravitrenutak.com\/wp-content\/uploads\/2020\/08\/253.jpg","width":400,"height":418},{"@type":"BreadcrumbList","@id":"https:\/\/upravitrenutak.com\/?product=moja-prva-biblija-cecilie-olesen#breadcrumb","itemListElement":[{"@type":"ListItem","position":1,"name":"Po\u010detna stranica","item":"https:\/\/upravitrenutak.com\/"},{"@type":"ListItem","position":2,"name":"Cjelokupna ponuda","item":"https:\/\/upravitrenutak.com\/?page_id=2362"},{"@type":"ListItem","position":3,"name":"Moja prva Biblija &#8211; Cecilie Olesen"}]},{"@type":"WebSite","@id":"https:\/\/upravitrenutak.com\/#website","url":"https:\/\/upravitrenutak.com\/","name":"U Pravi Trenutak","description":"Online Knji\u017eara","potentialAction":[{"@type":"SearchAction","target":{"@type":"EntryPoint","urlTemplate":"https:\/\/upravitrenutak.com\/?s={search_term_string}"},"query-input":{"@type":"PropertyValueSpecification","valueRequired":true,"valueName":"search_term_string"}}],"inLanguage":"hr"}]}},"_links":{"self":[{"href":"https:\/\/upravitrenutak.com\/index.php?rest_route=\/wp\/v2\/product\/2978","targetHints":{"allow":["GET"]}}],"collection":[{"href":"https:\/\/upravitrenutak.com\/index.php?rest_route=\/wp\/v2\/product"}],"about":[{"href":"https:\/\/upravitrenutak.com\/index.php?rest_route=\/wp\/v2\/types\/product"}],"replies":[{"embeddable":true,"href":"https:\/\/upravitrenutak.com\/index.php?rest_route=%2Fwp%2Fv2%2Fcomments&post=2978"}],"wp:featuredmedia":[{"embeddable":true,"href":"https:\/\/upravitrenutak.com\/index.php?rest_route=\/wp\/v2\/media\/2979"}],"wp:attachment":[{"href":"https:\/\/upravitrenutak.com\/index.php?rest_route=%2Fwp%2Fv2%2Fmedia&parent=2978"}],"wp:term":[{"taxonomy":"product_brand","embeddable":true,"href":"https:\/\/upravitrenutak.com\/index.php?rest_route=%2Fwp%2Fv2%2Fproduct_brand&post=2978"},{"taxonomy":"product_cat","embeddable":true,"href":"https:\/\/upravitrenutak.com\/index.php?rest_route=%2Fwp%2Fv2%2Fproduct_cat&post=2978"},{"taxonomy":"product_tag","embeddable":true,"href":"https:\/\/upravitrenutak.com\/index.php?rest_route=%2Fwp%2Fv2%2Fproduct_tag&post=2978"}],"curies":[{"name":"wp","href":"https:\/\/api.w.org\/{rel}","templated":true}]}}