{"id":3020,"date":"2020-08-01T09:31:50","date_gmt":"2020-08-01T09:31:50","guid":{"rendered":"https:\/\/upravitrenutak.com\/?post_type=product&#038;p=3020"},"modified":"2026-01-29T12:16:12","modified_gmt":"2026-01-29T12:16:12","slug":"moj-isuse-milosrde-molitvenik-s-krupnim-slovima","status":"publish","type":"product","link":"https:\/\/upravitrenutak.com\/?product=moj-isuse-milosrde-molitvenik-s-krupnim-slovima","title":{"rendered":"Moj Isuse, milosr\u0111e &#8211; Molitvenik s krupnim slovima"},"content":{"rendered":"<p>Tvrdi uvez.<\/p>\n<p>Dimezije: 155 x 110.<\/p>\n<p>416 stranica.<\/p>\n","protected":false},"excerpt":{"rendered":"<p>S tobom, moj Isuse, zapo\u010dinjem, provodim i zavr\u0161avamo svaki dan. Ti me prati\u0161 tijekom cijele godine, upravlja\u0161 moje korake kroz \u017eivot. Bez Tebe, moj Isuse, sve bi bilo tu\u017eno, tamno i besmisleno. Dani bi prolazili optere\u0107eni suvi\u0161nim brigama. Izostali bi istinski plodovi \u017eivota i spasenja. Moj Isuse, budi mi milosrdan! Pomozi mi! Budi mi snaga u slabosti, radost u \u017ealosti, potpora u trpljenju, spasenje sada i u vje\u010dnosti. Svoje Ti molbe, moj Isuse, upravljam i posredstvom Tvoje Majke Marije, svih an\u0111ela i svetaca. Amen.<\/p>\n","protected":false},"featured_media":3693,"comment_status":"open","ping_status":"closed","template":"","meta":[],"product_brand":[],"product_cat":[138,86],"product_tag":[107,119,120],"class_list":{"0":"post-3020","1":"product","2":"type-product","3":"status-publish","4":"has-post-thumbnail","6":"product_cat-akcijske","7":"product_cat-upt","8":"product_tag-molitve","9":"product_tag-molitvenik","10":"product_tag-pjesme","12":"first","13":"instock","14":"sale","15":"featured","16":"shipping-taxable","17":"purchasable","18":"product-type-simple"},"yoast_head":"<!-- This site is optimized with the Yoast SEO plugin v27.4 - https:\/\/yoast.com\/product\/yoast-seo-wordpress\/ -->\n<title>Moj Isuse milosr\u0111e, Molitvenik s krupnim slovima, U pravi trenutak<\/title>\n<meta name=\"description\" content=\"Moj Isuse milosr\u0111e molitvenik. S tobom, moj Isuse, zapo\u010dinjem, provodim i zavr\u0161avamo svaki dan. Ti me prati\u0161 tijekom cijele godine, uprav...\" \/>\n<meta name=\"robots\" content=\"index, follow, max-snippet:-1, max-image-preview:large, max-video-preview:-1\" \/>\n<link rel=\"canonical\" href=\"https:\/\/upravitrenutak.com\/?product=moj-isuse-milosrde-molitvenik-s-krupnim-slovima\" \/>\n<meta property=\"og:locale\" content=\"hr_HR\" \/>\n<meta property=\"og:type\" content=\"article\" \/>\n<meta property=\"og:title\" content=\"Moj Isuse milosr\u0111e, Molitvenik s krupnim slovima, U pravi trenutak\" \/>\n<meta property=\"og:description\" content=\"Moj Isuse milosr\u0111e molitvenik. S tobom, moj Isuse, zapo\u010dinjem, provodim i zavr\u0161avamo svaki dan. Ti me prati\u0161 tijekom cijele godine, uprav...\" \/>\n<meta property=\"og:url\" content=\"https:\/\/upravitrenutak.com\/?product=moj-isuse-milosrde-molitvenik-s-krupnim-slovima\" \/>\n<meta property=\"og:site_name\" content=\"U Pravi Trenutak\" \/>\n<meta property=\"article:publisher\" content=\"https:\/\/www.facebook.com\/Knji%c5%benica-U-Pravi-Trenutak-378755409393101\" \/>\n<meta property=\"article:modified_time\" content=\"2026-01-29T12:16:12+00:00\" \/>\n<meta property=\"og:image\" content=\"https:\/\/upravitrenutak.com\/wp-content\/uploads\/2020\/08\/Moj-Isuse-milosrde.jpg\" \/>\n\t<meta property=\"og:image:width\" content=\"1268\" \/>\n\t<meta property=\"og:image:height\" content=\"1824\" \/>\n\t<meta property=\"og:image:type\" content=\"image\/jpeg\" \/>\n<meta name=\"twitter:card\" content=\"summary_large_image\" \/>\n<script type=\"application\/ld+json\" class=\"yoast-schema-graph\">{\"@context\":\"https:\\\/\\\/schema.org\",\"@graph\":[{\"@type\":\"WebPage\",\"@id\":\"https:\\\/\\\/upravitrenutak.com\\\/?product=moj-isuse-milosrde-molitvenik-s-krupnim-slovima\",\"url\":\"https:\\\/\\\/upravitrenutak.com\\\/?product=moj-isuse-milosrde-molitvenik-s-krupnim-slovima\",\"name\":\"Moj Isuse milosr\u0111e, Molitvenik s krupnim slovima, U pravi trenutak\",\"isPartOf\":{\"@id\":\"https:\\\/\\\/upravitrenutak.com\\\/#website\"},\"primaryImageOfPage\":{\"@id\":\"https:\\\/\\\/upravitrenutak.com\\\/?product=moj-isuse-milosrde-molitvenik-s-krupnim-slovima#primaryimage\"},\"image\":{\"@id\":\"https:\\\/\\\/upravitrenutak.com\\\/?product=moj-isuse-milosrde-molitvenik-s-krupnim-slovima#primaryimage\"},\"thumbnailUrl\":\"https:\\\/\\\/upravitrenutak.com\\\/wp-content\\\/uploads\\\/2020\\\/08\\\/Moj-Isuse-milosrde.jpg\",\"datePublished\":\"2020-08-01T09:31:50+00:00\",\"dateModified\":\"2026-01-29T12:16:12+00:00\",\"description\":\"Moj Isuse milosr\u0111e molitvenik. S tobom, moj Isuse, zapo\u010dinjem, provodim i zavr\u0161avamo svaki dan. Ti me prati\u0161 tijekom cijele godine, uprav...\",\"breadcrumb\":{\"@id\":\"https:\\\/\\\/upravitrenutak.com\\\/?product=moj-isuse-milosrde-molitvenik-s-krupnim-slovima#breadcrumb\"},\"inLanguage\":\"hr\",\"potentialAction\":[{\"@type\":\"ReadAction\",\"target\":[\"https:\\\/\\\/upravitrenutak.com\\\/?product=moj-isuse-milosrde-molitvenik-s-krupnim-slovima\"]}]},{\"@type\":\"ImageObject\",\"inLanguage\":\"hr\",\"@id\":\"https:\\\/\\\/upravitrenutak.com\\\/?product=moj-isuse-milosrde-molitvenik-s-krupnim-slovima#primaryimage\",\"url\":\"https:\\\/\\\/upravitrenutak.com\\\/wp-content\\\/uploads\\\/2020\\\/08\\\/Moj-Isuse-milosrde.jpg\",\"contentUrl\":\"https:\\\/\\\/upravitrenutak.com\\\/wp-content\\\/uploads\\\/2020\\\/08\\\/Moj-Isuse-milosrde.jpg\",\"width\":1268,\"height\":1824,\"caption\":\"Moj-Isuse-milosr\u0111e\"},{\"@type\":\"BreadcrumbList\",\"@id\":\"https:\\\/\\\/upravitrenutak.com\\\/?product=moj-isuse-milosrde-molitvenik-s-krupnim-slovima#breadcrumb\",\"itemListElement\":[{\"@type\":\"ListItem\",\"position\":1,\"name\":\"Po\u010detna stranica\",\"item\":\"https:\\\/\\\/upravitrenutak.com\\\/\"},{\"@type\":\"ListItem\",\"position\":2,\"name\":\"Cjelokupna ponuda\",\"item\":\"https:\\\/\\\/upravitrenutak.com\\\/?page_id=2362\"},{\"@type\":\"ListItem\",\"position\":3,\"name\":\"Moj Isuse, milosr\u0111e &#8211; Molitvenik s krupnim slovima\"}]},{\"@type\":\"WebSite\",\"@id\":\"https:\\\/\\\/upravitrenutak.com\\\/#website\",\"url\":\"https:\\\/\\\/upravitrenutak.com\\\/\",\"name\":\"U Pravi Trenutak\",\"description\":\"Online Knji\u017eara\",\"potentialAction\":[{\"@type\":\"SearchAction\",\"target\":{\"@type\":\"EntryPoint\",\"urlTemplate\":\"https:\\\/\\\/upravitrenutak.com\\\/?s={search_term_string}\"},\"query-input\":{\"@type\":\"PropertyValueSpecification\",\"valueRequired\":true,\"valueName\":\"search_term_string\"}}],\"inLanguage\":\"hr\"}]}<\/script>\n<!-- \/ Yoast SEO plugin. -->","yoast_head_json":{"title":"Moj Isuse milosr\u0111e, Molitvenik s krupnim slovima, U pravi trenutak","description":"Moj Isuse milosr\u0111e molitvenik. S tobom, moj Isuse, zapo\u010dinjem, provodim i zavr\u0161avamo svaki dan. Ti me prati\u0161 tijekom cijele godine, uprav...","robots":{"index":"index","follow":"follow","max-snippet":"max-snippet:-1","max-image-preview":"max-image-preview:large","max-video-preview":"max-video-preview:-1"},"canonical":"https:\/\/upravitrenutak.com\/?product=moj-isuse-milosrde-molitvenik-s-krupnim-slovima","og_locale":"hr_HR","og_type":"article","og_title":"Moj Isuse milosr\u0111e, Molitvenik s krupnim slovima, U pravi trenutak","og_description":"Moj Isuse milosr\u0111e molitvenik. S tobom, moj Isuse, zapo\u010dinjem, provodim i zavr\u0161avamo svaki dan. Ti me prati\u0161 tijekom cijele godine, uprav...","og_url":"https:\/\/upravitrenutak.com\/?product=moj-isuse-milosrde-molitvenik-s-krupnim-slovima","og_site_name":"U Pravi Trenutak","article_publisher":"https:\/\/www.facebook.com\/Knji%c5%benica-U-Pravi-Trenutak-378755409393101","article_modified_time":"2026-01-29T12:16:12+00:00","og_image":[{"width":1268,"height":1824,"url":"https:\/\/upravitrenutak.com\/wp-content\/uploads\/2020\/08\/Moj-Isuse-milosrde.jpg","type":"image\/jpeg"}],"twitter_card":"summary_large_image","schema":{"@context":"https:\/\/schema.org","@graph":[{"@type":"WebPage","@id":"https:\/\/upravitrenutak.com\/?product=moj-isuse-milosrde-molitvenik-s-krupnim-slovima","url":"https:\/\/upravitrenutak.com\/?product=moj-isuse-milosrde-molitvenik-s-krupnim-slovima","name":"Moj Isuse milosr\u0111e, Molitvenik s krupnim slovima, U pravi trenutak","isPartOf":{"@id":"https:\/\/upravitrenutak.com\/#website"},"primaryImageOfPage":{"@id":"https:\/\/upravitrenutak.com\/?product=moj-isuse-milosrde-molitvenik-s-krupnim-slovima#primaryimage"},"image":{"@id":"https:\/\/upravitrenutak.com\/?product=moj-isuse-milosrde-molitvenik-s-krupnim-slovima#primaryimage"},"thumbnailUrl":"https:\/\/upravitrenutak.com\/wp-content\/uploads\/2020\/08\/Moj-Isuse-milosrde.jpg","datePublished":"2020-08-01T09:31:50+00:00","dateModified":"2026-01-29T12:16:12+00:00","description":"Moj Isuse milosr\u0111e molitvenik. S tobom, moj Isuse, zapo\u010dinjem, provodim i zavr\u0161avamo svaki dan. Ti me prati\u0161 tijekom cijele godine, uprav...","breadcrumb":{"@id":"https:\/\/upravitrenutak.com\/?product=moj-isuse-milosrde-molitvenik-s-krupnim-slovima#breadcrumb"},"inLanguage":"hr","potentialAction":[{"@type":"ReadAction","target":["https:\/\/upravitrenutak.com\/?product=moj-isuse-milosrde-molitvenik-s-krupnim-slovima"]}]},{"@type":"ImageObject","inLanguage":"hr","@id":"https:\/\/upravitrenutak.com\/?product=moj-isuse-milosrde-molitvenik-s-krupnim-slovima#primaryimage","url":"https:\/\/upravitrenutak.com\/wp-content\/uploads\/2020\/08\/Moj-Isuse-milosrde.jpg","contentUrl":"https:\/\/upravitrenutak.com\/wp-content\/uploads\/2020\/08\/Moj-Isuse-milosrde.jpg","width":1268,"height":1824,"caption":"Moj-Isuse-milosr\u0111e"},{"@type":"BreadcrumbList","@id":"https:\/\/upravitrenutak.com\/?product=moj-isuse-milosrde-molitvenik-s-krupnim-slovima#breadcrumb","itemListElement":[{"@type":"ListItem","position":1,"name":"Po\u010detna stranica","item":"https:\/\/upravitrenutak.com\/"},{"@type":"ListItem","position":2,"name":"Cjelokupna ponuda","item":"https:\/\/upravitrenutak.com\/?page_id=2362"},{"@type":"ListItem","position":3,"name":"Moj Isuse, milosr\u0111e &#8211; Molitvenik s krupnim slovima"}]},{"@type":"WebSite","@id":"https:\/\/upravitrenutak.com\/#website","url":"https:\/\/upravitrenutak.com\/","name":"U Pravi Trenutak","description":"Online Knji\u017eara","potentialAction":[{"@type":"SearchAction","target":{"@type":"EntryPoint","urlTemplate":"https:\/\/upravitrenutak.com\/?s={search_term_string}"},"query-input":{"@type":"PropertyValueSpecification","valueRequired":true,"valueName":"search_term_string"}}],"inLanguage":"hr"}]}},"_links":{"self":[{"href":"https:\/\/upravitrenutak.com\/index.php?rest_route=\/wp\/v2\/product\/3020","targetHints":{"allow":["GET"]}}],"collection":[{"href":"https:\/\/upravitrenutak.com\/index.php?rest_route=\/wp\/v2\/product"}],"about":[{"href":"https:\/\/upravitrenutak.com\/index.php?rest_route=\/wp\/v2\/types\/product"}],"replies":[{"embeddable":true,"href":"https:\/\/upravitrenutak.com\/index.php?rest_route=%2Fwp%2Fv2%2Fcomments&post=3020"}],"wp:featuredmedia":[{"embeddable":true,"href":"https:\/\/upravitrenutak.com\/index.php?rest_route=\/wp\/v2\/media\/3693"}],"wp:attachment":[{"href":"https:\/\/upravitrenutak.com\/index.php?rest_route=%2Fwp%2Fv2%2Fmedia&parent=3020"}],"wp:term":[{"taxonomy":"product_brand","embeddable":true,"href":"https:\/\/upravitrenutak.com\/index.php?rest_route=%2Fwp%2Fv2%2Fproduct_brand&post=3020"},{"taxonomy":"product_cat","embeddable":true,"href":"https:\/\/upravitrenutak.com\/index.php?rest_route=%2Fwp%2Fv2%2Fproduct_cat&post=3020"},{"taxonomy":"product_tag","embeddable":true,"href":"https:\/\/upravitrenutak.com\/index.php?rest_route=%2Fwp%2Fv2%2Fproduct_tag&post=3020"}],"curies":[{"name":"wp","href":"https:\/\/api.w.org\/{rel}","templated":true}]}}