{"id":4035,"date":"2021-03-24T08:50:56","date_gmt":"2021-03-24T08:50:56","guid":{"rendered":"https:\/\/upravitrenutak.com\/?post_type=product&#038;p=4035"},"modified":"2025-10-11T14:39:45","modified_gmt":"2025-10-11T14:39:45","slug":"sveta-hildegarda-i-hrana-kao-lijek-wighard-strehlow","status":"publish","type":"product","link":"https:\/\/upravitrenutak.com\/?product=sveta-hildegarda-i-hrana-kao-lijek-wighard-strehlow","title":{"rendered":"Sveta Hildegarda i hrana kao lijek &#8211; Wighard Strehlow"},"content":{"rendered":"<p>Tvrdi uvez.<\/p>\n<p>Dimenzije: 215 x 145.<\/p>\n<p>376 stranica.<\/p>\n<p>&nbsp;<\/p>\n","protected":false},"excerpt":{"rendered":"<p>Prvi dio knjige bavi se posebnom ljekovitom snagom hrane te opisuje korisna i \u0161tetna svojstva brojnih prehrambenih namirnica: vo\u0107a, povr\u0107a, \u017eitarica, mesa, ribe, za\u010dina, napitaka itd., a tu se nalaze i korisni savjeti o za\u010dinskomu bilju, njihovoj primjeni i uzgoju. Autor nam prenosi i stav svete Hildegarde prema sirovoj hrani, zelenomu,\u00a0nedozrelom vo\u0107u i povr\u0107u te nabraja i opisuje namirnice koje je sveta Hildegarda nazvala \u201ekuhinjskim otrovima\u201c.<\/p>\n<p>U drugomu dijelu knjige nalazi se vi\u0161e od 300 najrazli\u010ditijih recepata koji se temelje na medicinskim i kulinarskim savjetima svete Hildegarde, a koje je dr. Strehlow iz njezinih spisa sabrao i na prakti\u010dan na\u010din prikladan suvremenomu \u010dovjeku uobli\u010dio nazvav\u0161i\u00a0ih jednostavno: Hildegardina kuhinja.<\/p>\n<p>Ova jedinstvena knjiga sa sveobuhvatnim uputama o prehrani sv. Hildegarde bit \u0107e od pomo\u0107i i prakti\u010dne koristi mnogima koji tra\u017ee savjete o hrani i zdravlju kao i o na\u010dinima priprave zdravih i ukusnih jela.<\/p>\n","protected":false},"featured_media":4036,"comment_status":"open","ping_status":"closed","template":"","meta":[],"product_brand":[],"product_cat":[138,83],"product_tag":[101],"class_list":{"0":"post-4035","1":"product","2":"type-product","3":"status-publish","4":"has-post-thumbnail","6":"product_cat-akcijske","7":"product_cat-verbum-d-o-o","8":"product_tag-zdrava-prehrana","10":"first","11":"instock","12":"sale","13":"shipping-taxable","14":"purchasable","15":"product-type-simple"},"yoast_head":"<!-- This site is optimized with the Yoast SEO plugin v27.4 - https:\/\/yoast.com\/product\/yoast-seo-wordpress\/ -->\n<title>Sveta Hildegarda i hrana kao lijek - Wighard Strehlow - U Pravi Trenutak<\/title>\n<meta name=\"robots\" content=\"index, follow, max-snippet:-1, max-image-preview:large, max-video-preview:-1\" \/>\n<link rel=\"canonical\" href=\"https:\/\/upravitrenutak.com\/?product=sveta-hildegarda-i-hrana-kao-lijek-wighard-strehlow\" \/>\n<meta property=\"og:locale\" content=\"hr_HR\" \/>\n<meta property=\"og:type\" content=\"article\" \/>\n<meta property=\"og:title\" content=\"Sveta Hildegarda i hrana kao lijek - Wighard Strehlow - U Pravi Trenutak\" \/>\n<meta property=\"og:description\" content=\"Prvi dio knjige bavi se posebnom ljekovitom snagom hrane te opisuje korisna i \u0161tetna svojstva brojnih prehrambenih namirnica: vo\u0107a, povr\u0107a, \u017eitarica, mesa, ribe, za\u010dina, napitaka itd., a tu se nalaze i korisni savjeti o za\u010dinskomu bilju, njihovoj primjeni i uzgoju. Autor nam prenosi i stav svete Hildegarde prema sirovoj hrani, zelenomu,\u00a0nedozrelom vo\u0107u i povr\u0107u te nabraja i opisuje namirnice koje je sveta Hildegarda nazvala \u201ekuhinjskim otrovima\u201c.  U drugomu dijelu knjige nalazi se vi\u0161e od 300 najrazli\u010ditijih recepata koji se temelje na medicinskim i kulinarskim savjetima svete Hildegarde, a koje je dr. Strehlow iz njezinih spisa sabrao i na prakti\u010dan na\u010din prikladan suvremenomu \u010dovjeku uobli\u010dio nazvav\u0161i\u00a0ih jednostavno: Hildegardina kuhinja.  Ova jedinstvena knjiga sa sveobuhvatnim uputama o prehrani sv. Hildegarde bit \u0107e od pomo\u0107i i prakti\u010dne koristi mnogima koji tra\u017ee savjete o hrani i zdravlju kao i o na\u010dinima priprave zdravih i ukusnih jela.\" \/>\n<meta property=\"og:url\" content=\"https:\/\/upravitrenutak.com\/?product=sveta-hildegarda-i-hrana-kao-lijek-wighard-strehlow\" \/>\n<meta property=\"og:site_name\" content=\"U Pravi Trenutak\" \/>\n<meta property=\"article:publisher\" content=\"https:\/\/www.facebook.com\/Knji%c5%benica-U-Pravi-Trenutak-378755409393101\" \/>\n<meta property=\"article:modified_time\" content=\"2025-10-11T14:39:45+00:00\" \/>\n<meta property=\"og:image\" content=\"https:\/\/upravitrenutak.com\/wp-content\/uploads\/2021\/03\/sveta_hildegarda.jpg\" \/>\n\t<meta property=\"og:image:width\" content=\"400\" \/>\n\t<meta property=\"og:image:height\" content=\"593\" \/>\n\t<meta property=\"og:image:type\" content=\"image\/jpeg\" \/>\n<meta name=\"twitter:card\" content=\"summary_large_image\" \/>\n<meta name=\"twitter:label1\" content=\"Procijenjeno vrijeme \u010ditanja\" \/>\n\t<meta name=\"twitter:data1\" content=\"1 minuta\" \/>\n<script type=\"application\/ld+json\" class=\"yoast-schema-graph\">{\"@context\":\"https:\\\/\\\/schema.org\",\"@graph\":[{\"@type\":\"WebPage\",\"@id\":\"https:\\\/\\\/upravitrenutak.com\\\/?product=sveta-hildegarda-i-hrana-kao-lijek-wighard-strehlow\",\"url\":\"https:\\\/\\\/upravitrenutak.com\\\/?product=sveta-hildegarda-i-hrana-kao-lijek-wighard-strehlow\",\"name\":\"Sveta Hildegarda i hrana kao lijek - Wighard Strehlow - U Pravi Trenutak\",\"isPartOf\":{\"@id\":\"https:\\\/\\\/upravitrenutak.com\\\/#website\"},\"primaryImageOfPage\":{\"@id\":\"https:\\\/\\\/upravitrenutak.com\\\/?product=sveta-hildegarda-i-hrana-kao-lijek-wighard-strehlow#primaryimage\"},\"image\":{\"@id\":\"https:\\\/\\\/upravitrenutak.com\\\/?product=sveta-hildegarda-i-hrana-kao-lijek-wighard-strehlow#primaryimage\"},\"thumbnailUrl\":\"https:\\\/\\\/upravitrenutak.com\\\/wp-content\\\/uploads\\\/2021\\\/03\\\/sveta_hildegarda.jpg\",\"datePublished\":\"2021-03-24T08:50:56+00:00\",\"dateModified\":\"2025-10-11T14:39:45+00:00\",\"breadcrumb\":{\"@id\":\"https:\\\/\\\/upravitrenutak.com\\\/?product=sveta-hildegarda-i-hrana-kao-lijek-wighard-strehlow#breadcrumb\"},\"inLanguage\":\"hr\",\"potentialAction\":[{\"@type\":\"ReadAction\",\"target\":[\"https:\\\/\\\/upravitrenutak.com\\\/?product=sveta-hildegarda-i-hrana-kao-lijek-wighard-strehlow\"]}]},{\"@type\":\"ImageObject\",\"inLanguage\":\"hr\",\"@id\":\"https:\\\/\\\/upravitrenutak.com\\\/?product=sveta-hildegarda-i-hrana-kao-lijek-wighard-strehlow#primaryimage\",\"url\":\"https:\\\/\\\/upravitrenutak.com\\\/wp-content\\\/uploads\\\/2021\\\/03\\\/sveta_hildegarda.jpg\",\"contentUrl\":\"https:\\\/\\\/upravitrenutak.com\\\/wp-content\\\/uploads\\\/2021\\\/03\\\/sveta_hildegarda.jpg\",\"width\":400,\"height\":593},{\"@type\":\"BreadcrumbList\",\"@id\":\"https:\\\/\\\/upravitrenutak.com\\\/?product=sveta-hildegarda-i-hrana-kao-lijek-wighard-strehlow#breadcrumb\",\"itemListElement\":[{\"@type\":\"ListItem\",\"position\":1,\"name\":\"Po\u010detna stranica\",\"item\":\"https:\\\/\\\/upravitrenutak.com\\\/\"},{\"@type\":\"ListItem\",\"position\":2,\"name\":\"Cjelokupna ponuda\",\"item\":\"https:\\\/\\\/upravitrenutak.com\\\/?page_id=2362\"},{\"@type\":\"ListItem\",\"position\":3,\"name\":\"Sveta Hildegarda i hrana kao lijek &#8211; Wighard Strehlow\"}]},{\"@type\":\"WebSite\",\"@id\":\"https:\\\/\\\/upravitrenutak.com\\\/#website\",\"url\":\"https:\\\/\\\/upravitrenutak.com\\\/\",\"name\":\"U Pravi Trenutak\",\"description\":\"Online Knji\u017eara\",\"potentialAction\":[{\"@type\":\"SearchAction\",\"target\":{\"@type\":\"EntryPoint\",\"urlTemplate\":\"https:\\\/\\\/upravitrenutak.com\\\/?s={search_term_string}\"},\"query-input\":{\"@type\":\"PropertyValueSpecification\",\"valueRequired\":true,\"valueName\":\"search_term_string\"}}],\"inLanguage\":\"hr\"}]}<\/script>\n<!-- \/ Yoast SEO plugin. -->","yoast_head_json":{"title":"Sveta Hildegarda i hrana kao lijek - Wighard Strehlow - U Pravi Trenutak","robots":{"index":"index","follow":"follow","max-snippet":"max-snippet:-1","max-image-preview":"max-image-preview:large","max-video-preview":"max-video-preview:-1"},"canonical":"https:\/\/upravitrenutak.com\/?product=sveta-hildegarda-i-hrana-kao-lijek-wighard-strehlow","og_locale":"hr_HR","og_type":"article","og_title":"Sveta Hildegarda i hrana kao lijek - Wighard Strehlow - U Pravi Trenutak","og_description":"Prvi dio knjige bavi se posebnom ljekovitom snagom hrane te opisuje korisna i \u0161tetna svojstva brojnih prehrambenih namirnica: vo\u0107a, povr\u0107a, \u017eitarica, mesa, ribe, za\u010dina, napitaka itd., a tu se nalaze i korisni savjeti o za\u010dinskomu bilju, njihovoj primjeni i uzgoju. Autor nam prenosi i stav svete Hildegarde prema sirovoj hrani, zelenomu,\u00a0nedozrelom vo\u0107u i povr\u0107u te nabraja i opisuje namirnice koje je sveta Hildegarda nazvala \u201ekuhinjskim otrovima\u201c.  U drugomu dijelu knjige nalazi se vi\u0161e od 300 najrazli\u010ditijih recepata koji se temelje na medicinskim i kulinarskim savjetima svete Hildegarde, a koje je dr. Strehlow iz njezinih spisa sabrao i na prakti\u010dan na\u010din prikladan suvremenomu \u010dovjeku uobli\u010dio nazvav\u0161i\u00a0ih jednostavno: Hildegardina kuhinja.  Ova jedinstvena knjiga sa sveobuhvatnim uputama o prehrani sv. Hildegarde bit \u0107e od pomo\u0107i i prakti\u010dne koristi mnogima koji tra\u017ee savjete o hrani i zdravlju kao i o na\u010dinima priprave zdravih i ukusnih jela.","og_url":"https:\/\/upravitrenutak.com\/?product=sveta-hildegarda-i-hrana-kao-lijek-wighard-strehlow","og_site_name":"U Pravi Trenutak","article_publisher":"https:\/\/www.facebook.com\/Knji%c5%benica-U-Pravi-Trenutak-378755409393101","article_modified_time":"2025-10-11T14:39:45+00:00","og_image":[{"width":400,"height":593,"url":"https:\/\/upravitrenutak.com\/wp-content\/uploads\/2021\/03\/sveta_hildegarda.jpg","type":"image\/jpeg"}],"twitter_card":"summary_large_image","twitter_misc":{"Procijenjeno vrijeme \u010ditanja":"1 minuta"},"schema":{"@context":"https:\/\/schema.org","@graph":[{"@type":"WebPage","@id":"https:\/\/upravitrenutak.com\/?product=sveta-hildegarda-i-hrana-kao-lijek-wighard-strehlow","url":"https:\/\/upravitrenutak.com\/?product=sveta-hildegarda-i-hrana-kao-lijek-wighard-strehlow","name":"Sveta Hildegarda i hrana kao lijek - Wighard Strehlow - U Pravi Trenutak","isPartOf":{"@id":"https:\/\/upravitrenutak.com\/#website"},"primaryImageOfPage":{"@id":"https:\/\/upravitrenutak.com\/?product=sveta-hildegarda-i-hrana-kao-lijek-wighard-strehlow#primaryimage"},"image":{"@id":"https:\/\/upravitrenutak.com\/?product=sveta-hildegarda-i-hrana-kao-lijek-wighard-strehlow#primaryimage"},"thumbnailUrl":"https:\/\/upravitrenutak.com\/wp-content\/uploads\/2021\/03\/sveta_hildegarda.jpg","datePublished":"2021-03-24T08:50:56+00:00","dateModified":"2025-10-11T14:39:45+00:00","breadcrumb":{"@id":"https:\/\/upravitrenutak.com\/?product=sveta-hildegarda-i-hrana-kao-lijek-wighard-strehlow#breadcrumb"},"inLanguage":"hr","potentialAction":[{"@type":"ReadAction","target":["https:\/\/upravitrenutak.com\/?product=sveta-hildegarda-i-hrana-kao-lijek-wighard-strehlow"]}]},{"@type":"ImageObject","inLanguage":"hr","@id":"https:\/\/upravitrenutak.com\/?product=sveta-hildegarda-i-hrana-kao-lijek-wighard-strehlow#primaryimage","url":"https:\/\/upravitrenutak.com\/wp-content\/uploads\/2021\/03\/sveta_hildegarda.jpg","contentUrl":"https:\/\/upravitrenutak.com\/wp-content\/uploads\/2021\/03\/sveta_hildegarda.jpg","width":400,"height":593},{"@type":"BreadcrumbList","@id":"https:\/\/upravitrenutak.com\/?product=sveta-hildegarda-i-hrana-kao-lijek-wighard-strehlow#breadcrumb","itemListElement":[{"@type":"ListItem","position":1,"name":"Po\u010detna stranica","item":"https:\/\/upravitrenutak.com\/"},{"@type":"ListItem","position":2,"name":"Cjelokupna ponuda","item":"https:\/\/upravitrenutak.com\/?page_id=2362"},{"@type":"ListItem","position":3,"name":"Sveta Hildegarda i hrana kao lijek &#8211; Wighard Strehlow"}]},{"@type":"WebSite","@id":"https:\/\/upravitrenutak.com\/#website","url":"https:\/\/upravitrenutak.com\/","name":"U Pravi Trenutak","description":"Online Knji\u017eara","potentialAction":[{"@type":"SearchAction","target":{"@type":"EntryPoint","urlTemplate":"https:\/\/upravitrenutak.com\/?s={search_term_string}"},"query-input":{"@type":"PropertyValueSpecification","valueRequired":true,"valueName":"search_term_string"}}],"inLanguage":"hr"}]}},"_links":{"self":[{"href":"https:\/\/upravitrenutak.com\/index.php?rest_route=\/wp\/v2\/product\/4035","targetHints":{"allow":["GET"]}}],"collection":[{"href":"https:\/\/upravitrenutak.com\/index.php?rest_route=\/wp\/v2\/product"}],"about":[{"href":"https:\/\/upravitrenutak.com\/index.php?rest_route=\/wp\/v2\/types\/product"}],"replies":[{"embeddable":true,"href":"https:\/\/upravitrenutak.com\/index.php?rest_route=%2Fwp%2Fv2%2Fcomments&post=4035"}],"wp:featuredmedia":[{"embeddable":true,"href":"https:\/\/upravitrenutak.com\/index.php?rest_route=\/wp\/v2\/media\/4036"}],"wp:attachment":[{"href":"https:\/\/upravitrenutak.com\/index.php?rest_route=%2Fwp%2Fv2%2Fmedia&parent=4035"}],"wp:term":[{"taxonomy":"product_brand","embeddable":true,"href":"https:\/\/upravitrenutak.com\/index.php?rest_route=%2Fwp%2Fv2%2Fproduct_brand&post=4035"},{"taxonomy":"product_cat","embeddable":true,"href":"https:\/\/upravitrenutak.com\/index.php?rest_route=%2Fwp%2Fv2%2Fproduct_cat&post=4035"},{"taxonomy":"product_tag","embeddable":true,"href":"https:\/\/upravitrenutak.com\/index.php?rest_route=%2Fwp%2Fv2%2Fproduct_tag&post=4035"}],"curies":[{"name":"wp","href":"https:\/\/api.w.org\/{rel}","templated":true}]}}